Last updated on 2025-11-19 01:48:42 CET.
| Flavor | Version | Tinstall | Tcheck | Ttotal | Status | Flags |
|---|---|---|---|---|---|---|
| r-devel-linux-x86_64-debian-clang | 2.3.0 | 412.27 | 176.82 | 589.09 | OK | |
| r-devel-linux-x86_64-debian-gcc | 2.3.0 | 422.77 | 157.95 | 580.72 | OK | |
| r-devel-linux-x86_64-fedora-clang | 2.3.0 | 355.00 | 511.71 | 866.71 | OK | |
| r-devel-linux-x86_64-fedora-gcc | 2.3.0 | 499.00 | 756.35 | 1255.35 | OK | |
| r-devel-windows-x86_64 | 2.3.0 | 500.00 | 231.00 | 731.00 | OK | |
| r-patched-linux-x86_64 | 2.3.0 | 547.73 | 204.04 | 751.77 | OK | |
| r-release-linux-x86_64 | 2.3.0 | 533.67 | 201.76 | 735.43 | OK | |
| r-release-macos-arm64 | 2.3.0 | 161.00 | 71.00 | 232.00 | OK | |
| r-release-macos-x86_64 | 2.3.0 | 191.00 | 99.00 | 290.00 | OK | |
| r-release-windows-x86_64 | 2.3.0 | 475.00 | 239.00 | 714.00 | OK | |
| r-oldrel-macos-arm64 | 2.3.0 | 184.00 | 98.00 | 282.00 | NOTE | |
| r-oldrel-macos-x86_64 | 2.3.0 | 178.00 | 106.00 | 284.00 | NOTE | |
| r-oldrel-windows-x86_64 | 2.3.0 | 571.00 | 288.00 | 859.00 | NOTE |
Version: 2.3.0
Check: installed package size
Result: NOTE
installed size is 142.8Mb
sub-directories of 1Mb or more:
libs 140.6Mb
Flavors: r-oldrel-macos-arm64, r-oldrel-macos-x86_64, r-oldrel-windows-x86_64