Last updated on 2025-05-06 02:50:13 CEST.
Flavor | Version | Tinstall | Tcheck | Ttotal | Status | Flags |
---|---|---|---|---|---|---|
r-devel-linux-x86_64-debian-clang | 2.1.0 | 6.23 | 65.03 | 71.26 | NOTE | |
r-devel-linux-x86_64-debian-gcc | 2.1.0 | 4.28 | 46.58 | 50.86 | NOTE | |
r-devel-linux-x86_64-fedora-clang | 2.1.0 | 111.73 | OK | |||
r-devel-linux-x86_64-fedora-gcc | 2.1.0 | 110.37 | OK | |||
r-devel-windows-x86_64 | 2.1.0 | 6.00 | 102.00 | 108.00 | OK | |
r-patched-linux-x86_64 | 2.1.0 | 6.07 | 59.59 | 65.66 | OK | |
r-release-linux-x86_64 | 2.1.0 | 5.47 | 60.86 | 66.33 | OK | |
r-release-macos-arm64 | 2.1.0 | 32.00 | OK | |||
r-release-macos-x86_64 | 2.1.0 | 58.00 | OK | |||
r-release-windows-x86_64 | 2.1.0 | 7.00 | 104.00 | 111.00 | OK | |
r-oldrel-macos-arm64 | 2.1.0 | 33.00 | OK | |||
r-oldrel-macos-x86_64 | 2.1.0 | 47.00 | OK | |||
r-oldrel-windows-x86_64 | 2.1.0 | 6.00 | 132.00 | 138.00 | OK |
Version: 2.1.0
Check: CRAN incoming feasibility
Result: NOTE
Maintainer: ‘Trevor Ringrose <t.j.ringrose@cranfield.ac.uk>’
No Authors@R field in DESCRIPTION.
Please add one, modifying
Authors@R: person(given = "Trevor",
family = "Ringrose",
role = c("aut", "cre"),
email = "t.j.ringrose@cranfield.ac.uk")
as necessary.
Flavors: r-devel-linux-x86_64-debian-clang, r-devel-linux-x86_64-debian-gcc