CRAN Package Check Results for Package calACS

Last updated on 2025-05-07 01:49:50 CEST.

Flavor Version Tinstall Tcheck Ttotal Status Flags
r-devel-linux-x86_64-debian-clang 2.2.2 1.64 16.39 18.03 NOTE
r-devel-linux-x86_64-debian-gcc 2.2.2 1.24 13.96 15.20 NOTE
r-devel-linux-x86_64-fedora-clang 2.2.2 29.64 OK
r-devel-linux-x86_64-fedora-gcc 2.2.2 26.92 OK
r-devel-windows-x86_64 2.2.2 2.00 37.00 39.00 OK
r-patched-linux-x86_64 2.2.2 1.64 15.94 17.58 OK
r-release-linux-x86_64 2.2.2 1.63 15.99 17.62 OK
r-release-macos-arm64 2.2.2 14.00 OK
r-release-macos-x86_64 2.2.2 21.00 OK
r-release-windows-x86_64 2.2.2 4.00 37.00 41.00 OK
r-oldrel-macos-arm64 2.2.2 18.00 NOTE
r-oldrel-macos-x86_64 2.2.2 19.00 NOTE
r-oldrel-windows-x86_64 2.2.2 2.00 35.00 37.00 NOTE

Check Details

Version: 2.2.2
Check: CRAN incoming feasibility
Result: NOTE Maintainer: ‘Alan Gu <alan.on.ca@gmail.com>’ No Authors@R field in DESCRIPTION. Please add one, modifying Authors@R: person(given = "Alan", family = "Gu", role = c("aut", "cre"), email = "alan.on.ca@gmail.com") as necessary. Flavors: r-devel-linux-x86_64-debian-clang, r-devel-linux-x86_64-debian-gcc

Version: 2.2.2
Check: LazyData
Result: NOTE 'LazyData' is specified without a 'data' directory Flavors: r-oldrel-macos-arm64, r-oldrel-macos-x86_64, r-oldrel-windows-x86_64