Last updated on 2025-11-13 01:50:16 CET.
| Flavor | Version | Tinstall | Tcheck | Ttotal | Status | Flags |
|---|---|---|---|---|---|---|
| r-devel-linux-x86_64-debian-clang | 1.0.1 | 10.88 | 101.64 | 112.52 | NOTE | |
| r-devel-linux-x86_64-debian-gcc | 1.0.1 | 8.22 | 70.85 | 79.07 | NOTE | |
| r-devel-linux-x86_64-fedora-clang | 1.0.1 | 49.00 | 141.53 | 190.53 | OK | |
| r-devel-linux-x86_64-fedora-gcc | 1.0.1 | 25.00 | 140.00 | 165.00 | OK | |
| r-devel-windows-x86_64 | 1.0.1 | 13.00 | 103.00 | 116.00 | OK | |
| r-patched-linux-x86_64 | 1.0.1 | 10.53 | 94.88 | 105.41 | OK | |
| r-release-linux-x86_64 | 1.0.1 | 10.82 | 94.80 | 105.62 | OK | |
| r-release-macos-arm64 | 1.0.1 | 5.00 | 39.00 | 44.00 | OK | |
| r-release-macos-x86_64 | 1.0.1 | 10.00 | 76.00 | 86.00 | OK | |
| r-release-windows-x86_64 | 1.0.1 | 12.00 | 100.00 | 112.00 | OK | |
| r-oldrel-macos-arm64 | 1.0.1 | 5.00 | 38.00 | 43.00 | OK | |
| r-oldrel-macos-x86_64 | 1.0.1 | 7.00 | 61.00 | 68.00 | OK | |
| r-oldrel-windows-x86_64 | 1.0.1 | 19.00 | 125.00 | 144.00 | OK |
Version: 1.0.1
Check: CRAN incoming feasibility
Result: NOTE
Maintainer: ‘Audrey Q. Fu <audreyqyfu@gmail.com>’
No Authors@R field in DESCRIPTION.
Please add one, modifying
Authors@R: c(person(given = c("Audrey", "Qiuyan"),
family = "Fu",
role = "aut"),
person(given = "Xiaoyue",
family = "Wang",
role = "aut"),
person(given = c("Audrey", "Q."),
family = "Fu",
role = "cre",
email = "audreyqyfu@gmail.com"))
as necessary.
Flavors: r-devel-linux-x86_64-debian-clang, r-devel-linux-x86_64-debian-gcc