Last updated on 2024-07-27 01:53:08 CEST.
Flavor | Version | Tinstall | Tcheck | Ttotal | Status | Flags |
---|---|---|---|---|---|---|
r-devel-linux-x86_64-debian-clang | 2.2.1 | 95.30 | 86.05 | 181.35 | OK | |
r-devel-linux-x86_64-debian-gcc | 2.2.1 | 62.94 | 63.28 | 126.22 | OK | |
r-devel-linux-x86_64-fedora-clang | 2.2.1 | 232.04 | OK | |||
r-devel-linux-x86_64-fedora-gcc | 2.2.1 | 243.33 | OK | |||
r-devel-windows-x86_64 | 2.2.1 | 66.00 | 103.00 | 169.00 | OK | |
r-patched-linux-x86_64 | 2.2.1 | OK | ||||
r-release-linux-x86_64 | 2.2.1 | 77.21 | 82.31 | 159.52 | OK | |
r-release-macos-arm64 | 2.2.1 | 58.00 | NOTE | |||
r-release-macos-x86_64 | 2.2.1 | 88.00 | NOTE | |||
r-release-windows-x86_64 | 2.2.1 | 68.00 | 105.00 | 173.00 | OK | |
r-oldrel-macos-arm64 | 2.2.1 | 80.00 | NOTE | |||
r-oldrel-macos-x86_64 | 2.2.1 | 130.00 | NOTE | |||
r-oldrel-windows-x86_64 | 2.2.1 | 80.00 | 125.00 | 205.00 | OK |
Version: 2.2.1
Check: installed package size
Result: NOTE
installed size is 10.6Mb
sub-directories of 1Mb or more:
libs 10.2Mb
Flavors: r-release-macos-arm64, r-release-macos-x86_64, r-oldrel-macos-arm64, r-oldrel-macos-x86_64