Last updated on 2025-02-19 01:50:44 CET.
Flavor | Version | Tinstall | Tcheck | Ttotal | Status | Flags |
---|---|---|---|---|---|---|
r-devel-linux-x86_64-debian-clang | 0.1.1 | 9.24 | 94.99 | 104.23 | NOTE | |
r-devel-linux-x86_64-debian-gcc | 0.1.1 | 6.06 | 68.65 | 74.71 | NOTE | |
r-devel-linux-x86_64-fedora-clang | 0.1.1 | 169.51 | NOTE | |||
r-devel-linux-x86_64-fedora-gcc | 0.1.1 | 179.52 | NOTE | |||
r-devel-macos-arm64 | 0.1.1 | 58.00 | OK | |||
r-devel-macos-x86_64 | 0.1.1 | 132.00 | OK | |||
r-devel-windows-x86_64 | 0.1.1 | 11.00 | 110.00 | 121.00 | NOTE | |
r-patched-linux-x86_64 | 0.1.1 | 8.94 | 88.08 | 97.02 | OK | |
r-release-linux-x86_64 | 0.1.1 | 7.72 | 87.96 | 95.68 | OK | |
r-release-macos-arm64 | 0.1.1 | 60.00 | OK | |||
r-release-macos-x86_64 | 0.1.1 | 100.00 | OK | |||
r-release-windows-x86_64 | 0.1.1 | 12.00 | 103.00 | 115.00 | OK | |
r-oldrel-macos-arm64 | 0.1.1 | 57.00 | OK | |||
r-oldrel-macos-x86_64 | 0.1.1 | 92.00 | OK | |||
r-oldrel-windows-x86_64 | 0.1.1 | 14.00 | 138.00 | 152.00 | OK |
Version: 0.1.1
Check: DESCRIPTION meta-information
Result: NOTE
Missing dependency on R >= 4.2.0 because package code uses the pipe
placeholder syntax added in R 4.2.0.
File(s) using such syntax:
‘cosinor-constructor.R’
Flavors: r-devel-linux-x86_64-debian-clang, r-devel-linux-x86_64-debian-gcc, r-devel-linux-x86_64-fedora-clang, r-devel-linux-x86_64-fedora-gcc, r-devel-windows-x86_64