Last updated on 2024-07-27 01:53:08 CEST.
Flavor | Version | Tinstall | Tcheck | Ttotal | Status | Flags |
---|---|---|---|---|---|---|
r-devel-linux-x86_64-debian-clang | 6.0-94 | 55.48 | 474.58 | 530.06 | NOTE | |
r-devel-linux-x86_64-debian-gcc | 6.0-94 | 34.35 | 339.42 | 373.77 | NOTE | |
r-devel-linux-x86_64-fedora-clang | 6.0-94 | 662.77 | NOTE | |||
r-devel-linux-x86_64-fedora-gcc | 6.0-94 | 593.66 | NOTE | |||
r-devel-windows-x86_64 | 6.0-94 | 41.00 | 378.00 | 419.00 | NOTE | --no-vignettes |
r-patched-linux-x86_64 | 6.0-94 | NOTE | ||||
r-release-linux-x86_64 | 6.0-94 | 27.56 | 450.91 | 478.47 | NOTE | |
r-release-macos-arm64 | 6.0-94 | 153.00 | NOTE | |||
r-release-macos-x86_64 | 6.0-94 | 261.00 | NOTE | |||
r-release-windows-x86_64 | 6.0-94 | 36.00 | 382.00 | 418.00 | NOTE | --no-vignettes |
r-oldrel-macos-arm64 | 6.0-94 | 169.00 | OK | |||
r-oldrel-macos-x86_64 | 6.0-94 | 302.00 | OK | |||
r-oldrel-windows-x86_64 | 6.0-94 | 49.00 | 385.00 | 434.00 | OK | --no-vignettes |
Version: 6.0-94
Check: Rd files
Result: NOTE
checkRd: (-1) NEWS.Rd:96: Lost braces
96 | \item code{train} now removes duplicate models in the tuning grid. Duplicates could occur for models with discrete parameters.
| ^
checkRd: (-1) calibration.Rd:46: Lost braces; missing escapes or markup?
46 | formula. This argument is not used for \code{xyplot.calibration}. For {ggplot.calibration}, \code{data}
| ^
Flavors: r-devel-linux-x86_64-debian-clang, r-devel-linux-x86_64-debian-gcc, r-devel-linux-x86_64-fedora-clang, r-devel-linux-x86_64-fedora-gcc, r-patched-linux-x86_64, r-release-linux-x86_64, r-release-macos-arm64, r-release-macos-x86_64
Version: 6.0-94
Check: Rd cross-references
Result: NOTE
Found the following Rd file(s) with Rd \link{} targets missing package
anchors:
train.Rd: recipe
Please provide package anchors for all Rd \link{} targets not in the
package itself and the base packages.
Flavor: r-devel-linux-x86_64-debian-gcc
Version: 6.0-94
Flags: --no-vignettes
Check: Rd files
Result: NOTE
checkRd: (-1) NEWS.Rd:96: Lost braces
96 | \item code{train} now removes duplicate models in the tuning grid. Duplicates could occur for models with discrete parameters.
| ^
checkRd: (-1) calibration.Rd:46: Lost braces; missing escapes or markup?
46 | formula. This argument is not used for \code{xyplot.calibration}. For {ggplot.calibration}, \code{data}
| ^
Flavors: r-devel-windows-x86_64, r-release-windows-x86_64
Version: 6.0-94
Flags: --no-vignettes
Check: Rd cross-references
Result: NOTE
Found the following Rd file(s) with Rd \link{} targets missing package
anchors:
train.Rd: recipe
Please provide package anchors for all Rd \link{} targets not in the
package itself and the base packages.
Flavor: r-devel-windows-x86_64