Last updated on 2024-07-27 01:53:08 CEST.
Flavor | Version | Tinstall | Tcheck | Ttotal | Status | Flags |
---|---|---|---|---|---|---|
r-devel-linux-x86_64-debian-clang | 1.0 | 126.89 | 55.27 | 182.16 | NOTE | |
r-devel-linux-x86_64-debian-gcc | 1.0 | 82.34 | 42.37 | 124.71 | NOTE | |
r-devel-linux-x86_64-fedora-clang | 1.0 | 300.09 | NOTE | |||
r-devel-linux-x86_64-fedora-gcc | 1.0 | 270.63 | NOTE | |||
r-devel-windows-x86_64 | 1.0 | 98.00 | 85.00 | 183.00 | NOTE | |
r-patched-linux-x86_64 | 1.0 | NOTE | ||||
r-release-linux-x86_64 | 1.0 | 79.18 | 54.19 | 133.37 | NOTE | |
r-release-macos-arm64 | 1.0 | 57.00 | NOTE | |||
r-release-macos-x86_64 | 1.0 | 59.00 | NOTE | |||
r-release-windows-x86_64 | 1.0 | 122.00 | 85.00 | 207.00 | NOTE | |
r-oldrel-macos-arm64 | 1.0 | 66.00 | NOTE | |||
r-oldrel-macos-x86_64 | 1.0 | 120.00 | NOTE | |||
r-oldrel-windows-x86_64 | 1.0 | 113.00 | 99.00 | 212.00 | OK |
Version: 1.0
Check: Rd files
Result: NOTE
checkRd: (-1) slpDGCM.Rd:130-133: Lost braces
130 | \code{x1, x2, x3, \dots}- {input to the model, there must be one column
| ^
Flavors: r-devel-linux-x86_64-debian-clang, r-devel-linux-x86_64-debian-gcc, r-devel-linux-x86_64-fedora-clang, r-devel-linux-x86_64-fedora-gcc, r-devel-windows-x86_64, r-patched-linux-x86_64, r-release-linux-x86_64, r-release-macos-arm64, r-release-macos-x86_64, r-release-windows-x86_64
Version: 1.0
Check: installed package size
Result: NOTE
installed size is 5.4Mb
sub-directories of 1Mb or more:
libs 5.0Mb
Flavors: r-release-macos-arm64, r-release-macos-x86_64, r-oldrel-macos-arm64, r-oldrel-macos-x86_64