CRAN Package Check Results for Package catseyes

Last updated on 2025-11-20 03:50:02 CET.

Flavor Version Tinstall Tcheck Ttotal Status Flags
r-devel-linux-x86_64-debian-clang 0.2.5 1.80 19.75 21.55 OK
r-devel-linux-x86_64-debian-gcc 0.2.5 1.38 16.28 17.66 OK
r-devel-linux-x86_64-fedora-clang 0.2.5 31.15 OK
r-devel-linux-x86_64-fedora-gcc 0.2.5 31.99 OK
r-devel-windows-x86_64 0.2.5 4.00 37.00 41.00 OK
r-patched-linux-x86_64 0.2.5 1.77 18.25 20.02 OK
r-release-linux-x86_64 0.2.5 1.77 18.28 20.05 OK
r-release-macos-arm64 0.2.5 OK
r-release-macos-x86_64 0.2.5 2.00 22.00 24.00 OK
r-release-windows-x86_64 0.2.5 2.00 37.00 39.00 OK
r-oldrel-macos-arm64 0.2.5 NOTE
r-oldrel-macos-x86_64 0.2.5 2.00 25.00 27.00 NOTE
r-oldrel-windows-x86_64 0.2.5 3.00 41.00 44.00 NOTE

Check Details

Version: 0.2.5
Check: LazyData
Result: NOTE 'LazyData' is specified without a 'data' directory Flavors: r-oldrel-macos-arm64, r-oldrel-macos-x86_64, r-oldrel-windows-x86_64