Last updated on 2025-05-25 01:49:34 CEST.
Flavor | Version | Tinstall | Tcheck | Ttotal | Status | Flags |
---|---|---|---|---|---|---|
r-devel-linux-x86_64-debian-clang | 0.2.4 | 32.09 | 144.81 | 176.90 | OK | |
r-devel-linux-x86_64-debian-gcc | 0.2.4 | 26.76 | 88.02 | 114.78 | OK | |
r-devel-linux-x86_64-fedora-clang | 0.2.4 | 286.79 | OK | |||
r-devel-linux-x86_64-fedora-gcc | 0.2.4 | 329.63 | OK | |||
r-devel-windows-x86_64 | 0.2.4 | 48.00 | 211.00 | 259.00 | OK | |
r-patched-linux-x86_64 | 0.2.4 | 37.02 | 132.49 | 169.51 | OK | |
r-release-linux-x86_64 | 0.2.4 | 36.84 | 132.93 | 169.77 | OK | |
r-release-macos-arm64 | 0.2.4 | 95.00 | OK | |||
r-release-macos-x86_64 | 0.2.4 | 182.00 | OK | |||
r-release-windows-x86_64 | 0.2.4 | 44.00 | 177.00 | 221.00 | OK | |
r-oldrel-macos-arm64 | 0.2.4 | 83.00 | NOTE | |||
r-oldrel-macos-x86_64 | 0.2.4 | 169.00 | NOTE | |||
r-oldrel-windows-x86_64 | 0.2.4 | 50.00 | 230.00 | 280.00 | OK |
Version: 0.2.4
Check: installed package size
Result: NOTE
installed size is 6.6Mb
sub-directories of 1Mb or more:
libs 6.4Mb
Flavors: r-oldrel-macos-arm64, r-oldrel-macos-x86_64