Last updated on 2025-10-02 01:49:52 CEST.
Flavor | Version | Tinstall | Tcheck | Ttotal | Status | Flags |
---|---|---|---|---|---|---|
r-devel-linux-x86_64-debian-clang | 1.3.0 | 28.96 | 396.61 | 425.57 | OK | |
r-devel-linux-x86_64-debian-gcc | 1.3.0 | 18.44 | 269.61 | 288.05 | OK | |
r-devel-linux-x86_64-fedora-clang | 1.3.0 | 709.66 | OK | |||
r-devel-linux-x86_64-fedora-gcc | 1.3.0 | 713.40 | OK | |||
r-devel-windows-x86_64 | 1.3.0 | 29.00 | 322.00 | 351.00 | OK | |
r-patched-linux-x86_64 | 1.3.0 | 27.81 | 373.15 | 400.96 | OK | |
r-release-linux-x86_64 | 1.3.0 | 27.94 | 366.80 | 394.74 | OK | |
r-release-macos-arm64 | 1.3.0 | 205.00 | OK | |||
r-release-macos-x86_64 | 1.3.0 | 385.00 | OK | |||
r-release-windows-x86_64 | 1.3.0 | 30.00 | 315.00 | 345.00 | ERROR | |
r-oldrel-macos-arm64 | 1.3.0 | 195.00 | OK | |||
r-oldrel-macos-x86_64 | 1.3.0 | 351.00 | OK | |||
r-oldrel-windows-x86_64 | 1.3.0 | 40.00 | 441.00 | 481.00 | OK |
Version: 1.3.0
Check: tests
Result: ERROR
Running 'testthat.R' [32s]
Running the tests in 'tests/testthat.R' failed.
Complete output:
> # This file is part of the standard setup for testthat.
> # It is recommended that you do not modify it.
> #
> # Where should you do additional test configuration?
> # Learn more about the roles of various files in:
> # * https://r-pkgs.org/testing-design.html#sec-tests-files-overview
> # * https://testthat.r-lib.org/articles/special-files.html
>
> library(testthat)
> library(causalBatch)
>
> test_check("causalBatch")
Adjusting for1covariate(s) or covariate level(s)
Adjusting for1covariate(s) or covariate level(s)
Adjusting for1covariate(s) or covariate level(s)
# weights: 3 (2 variable)
initial value 126.152787
final value 111.073716
converged
# weights: 3 (2 variable)
initial value 54.065480
final value 49.235622
converged
# weights: 3 (2 variable)
initial value 128.232228
final value 114.191966
converged
# weights: 3 (2 variable)
initial value 124.073345
final value 116.677193
converged
Loading required package: ks
Attaching package: 'ks'
The following object is masked from 'package:testthat':
compare
[ FAIL 1 | WARN 0 | SKIP 3 | PASS 47 ]
══ Skipped tests (3) ═══════════════════════════════════════════════════════════
• On CRAN (3): 'test-causal_cdcorr.R:31:3', 'test-causal_cdcorr.R:46:3',
'test-causal_cdcorr.R:89:3'
══ Failed tests ════════════════════════════════════════════════════════════════
── Failure ('test-vector_matching.R:106:3'): VM throws warning when samples retained is low ──
`cb.align.vm_trim(sim.low$Ts, sim.low$Xs, retain.ratio = 0.8)` did not throw the expected warning.
[ FAIL 1 | WARN 0 | SKIP 3 | PASS 47 ]
Error: Test failures
Execution halted
Flavor: r-release-windows-x86_64