Last updated on 2025-02-10 02:49:49 CET.
Flavor | Version | Tinstall | Tcheck | Ttotal | Status | Flags |
---|---|---|---|---|---|---|
r-devel-linux-x86_64-debian-clang | 0.1.2 | 18.65 | 25.79 | 44.44 | OK | |
r-devel-linux-x86_64-debian-gcc | 0.1.2 | 12.31 | 20.97 | 33.28 | OK | |
r-devel-linux-x86_64-fedora-clang | 0.1.2 | 87.11 | OK | |||
r-devel-linux-x86_64-fedora-gcc | 0.1.2 | 81.62 | OK | |||
r-devel-windows-x86_64 | 0.1.2 | 22.00 | 63.00 | 85.00 | OK | |
r-patched-linux-x86_64 | 0.1.2 | 20.14 | 24.92 | 45.06 | NOTE | |
r-release-linux-x86_64 | 0.1.2 | 18.45 | 24.75 | 43.20 | NOTE | |
r-release-macos-arm64 | 0.1.2 | 29.00 | NOTE | |||
r-release-macos-x86_64 | 0.1.2 | 41.00 | NOTE | |||
r-release-windows-x86_64 | 0.1.2 | 23.00 | 66.00 | 89.00 | NOTE | |
r-oldrel-macos-arm64 | 0.1.2 | 50.00 | NOTE | |||
r-oldrel-macos-x86_64 | 0.1.2 | 80.00 | NOTE | |||
r-oldrel-windows-x86_64 | 0.1.2 | 25.00 | 80.00 | 105.00 | NOTE |
Version: 0.1.2
Check: LazyData
Result: NOTE
'LazyData' is specified without a 'data' directory
Flavors: r-patched-linux-x86_64, r-release-linux-x86_64, r-release-macos-arm64, r-release-macos-x86_64, r-release-windows-x86_64, r-oldrel-macos-arm64, r-oldrel-macos-x86_64, r-oldrel-windows-x86_64