Last updated on 2024-07-27 01:53:08 CEST.
Flavor | Version | Tinstall | Tcheck | Ttotal | Status | Flags |
---|---|---|---|---|---|---|
r-devel-linux-x86_64-debian-clang | 1.0.0 | 4.90 | 83.34 | 88.24 | OK | |
r-devel-linux-x86_64-debian-gcc | 1.0.0 | 5.19 | 63.54 | 68.73 | OK | |
r-devel-linux-x86_64-fedora-clang | 1.0.0 | 114.96 | OK | |||
r-devel-linux-x86_64-fedora-gcc | 1.0.0 | 124.69 | OK | |||
r-devel-windows-x86_64 | 1.0.0 | 10.00 | 80.00 | 90.00 | OK | |
r-patched-linux-x86_64 | 1.0.0 | OK | ||||
r-release-linux-x86_64 | 1.0.0 | 4.16 | 78.97 | 83.13 | OK | |
r-release-macos-arm64 | 1.0.0 | 47.00 | ERROR | |||
r-release-macos-x86_64 | 1.0.0 | 62.00 | OK | |||
r-release-windows-x86_64 | 1.0.0 | 7.00 | 79.00 | 86.00 | OK | |
r-oldrel-macos-arm64 | 1.0.0 | 53.00 | NOTE | |||
r-oldrel-macos-x86_64 | 1.0.0 | 102.00 | OK | |||
r-oldrel-windows-x86_64 | 1.0.0 | 9.00 | 91.00 | 100.00 | ERROR |
Version: 1.0.0
Check: re-building of vignette outputs
Result: ERROR
Error(s) in re-building vignettes:
...
--- re-building ‘atp_calculation.Rmd’ using rmarkdown
File mito_glyco_tests.png not found in resource path
Error: processing vignette 'atp_calculation.Rmd' failed with diagnostics:
pandoc document conversion failed with error 99
--- failed re-building ‘atp_calculation.Rmd’
--- re-building ‘ceas.Rmd’ using rmarkdown
--- finished re-building ‘ceas.Rmd’
SUMMARY: processing the following file failed:
‘atp_calculation.Rmd’
Error: Vignette re-building failed.
Execution halted
Flavor: r-release-macos-arm64
Version: 1.0.0
Check: re-building of vignette outputs
Result: NOTE
Error(s) in re-building vignettes:
...
--- re-building ‘atp_calculation.Rmd’ using rmarkdown
File mito_glyco_tests.png not found in resource path
Error: processing vignette 'atp_calculation.Rmd' failed with diagnostics:
pandoc document conversion failed with error 99
--- failed re-building ‘atp_calculation.Rmd’
--- re-building ‘ceas.Rmd’ using rmarkdown
--- finished re-building ‘ceas.Rmd’
SUMMARY: processing the following file failed:
‘atp_calculation.Rmd’
Error: Vignette re-building failed.
Execution halted
Flavor: r-oldrel-macos-arm64
Version: 1.0.0
Check: re-building of vignette outputs
Result: ERROR
Error(s) in re-building vignettes:
--- re-building 'atp_calculation.Rmd' using rmarkdown
File mito_glyco_tests.png not found in resource path
Error: processing vignette 'atp_calculation.Rmd' failed with diagnostics:
pandoc document conversion failed with error 99
--- failed re-building 'atp_calculation.Rmd'
--- re-building 'ceas.Rmd' using rmarkdown
--- finished re-building 'ceas.Rmd'
SUMMARY: processing the following file failed:
'atp_calculation.Rmd'
Error: Vignette re-building failed.
Execution halted
Flavor: r-oldrel-windows-x86_64