Last updated on 2025-10-05 01:48:25 CEST.
Flavor | Version | Tinstall | Tcheck | Ttotal | Status | Flags |
---|---|---|---|---|---|---|
r-devel-linux-x86_64-debian-clang | 0.2 | 2.25 | 31.18 | 33.43 | NOTE | |
r-devel-linux-x86_64-debian-gcc | 0.2 | 1.58 | 22.82 | 24.40 | NOTE | |
r-devel-linux-x86_64-fedora-clang | 0.2 | 49.04 | OK | |||
r-devel-linux-x86_64-fedora-gcc | 0.2 | 48.83 | OK | |||
r-devel-windows-x86_64 | 0.2 | 4.00 | 56.00 | 60.00 | OK | |
r-patched-linux-x86_64 | 0.2 | 2.38 | 28.96 | 31.34 | OK | |
r-release-linux-x86_64 | 0.2 | 2.41 | 29.15 | 31.56 | OK | |
r-release-macos-arm64 | 0.2 | 21.00 | OK | |||
r-release-macos-x86_64 | 0.2 | 43.00 | OK | |||
r-release-windows-x86_64 | 0.2 | 3.00 | 55.00 | 58.00 | OK | |
r-oldrel-macos-arm64 | 0.2 | 19.00 | OK | |||
r-oldrel-macos-x86_64 | 0.2 | 28.00 | OK | |||
r-oldrel-windows-x86_64 | 0.2 | 5.00 | 62.00 | 67.00 | OK |
Version: 0.2
Check: CRAN incoming feasibility
Result: NOTE
Maintainer: ‘Andre Fujita <andrefujita@usp.br>’
The Description field contains
structures (Relvas C. & Fujita A., (2020) <arXiv:2004.02333>).
Please refer to arXiv e-prints via their arXiv DOI <doi:10.48550/arXiv.YYMM.NNNNN>.
Flavors: r-devel-linux-x86_64-debian-clang, r-devel-linux-x86_64-debian-gcc