Last updated on 2025-05-04 02:50:01 CEST.
Flavor | Version | Tinstall | Tcheck | Ttotal | Status | Flags |
---|---|---|---|---|---|---|
r-devel-linux-x86_64-debian-clang | 0.1.7 | 3.59 | 32.93 | 36.52 | NOTE | |
r-devel-linux-x86_64-debian-gcc | 0.1.7 | 3.15 | 24.54 | 27.69 | NOTE | |
r-devel-linux-x86_64-fedora-clang | 0.1.7 | 56.79 | OK | |||
r-devel-linux-x86_64-fedora-gcc | 0.1.7 | 55.31 | OK | |||
r-devel-windows-x86_64 | 0.1.7 | 5.00 | 54.00 | 59.00 | OK | |
r-patched-linux-x86_64 | 0.1.7 | 3.43 | 31.50 | 34.93 | OK | |
r-release-linux-x86_64 | OK | |||||
r-release-macos-arm64 | 0.1.7 | 24.00 | OK | |||
r-release-macos-x86_64 | 0.1.7 | 34.00 | OK | |||
r-release-windows-x86_64 | 0.1.7 | 5.00 | 53.00 | 58.00 | OK | |
r-oldrel-macos-arm64 | 0.1.7 | 22.00 | OK | |||
r-oldrel-macos-x86_64 | 0.1.7 | 30.00 | OK | |||
r-oldrel-windows-x86_64 | 0.1.7 | 6.00 | 60.00 | 66.00 | OK |
Version: 0.1.7
Check: CRAN incoming feasibility
Result: NOTE
Maintainer: ‘Duy Nghia Pham <nghiapham@yandex.com>’
Package CITATION file contains call(s) to old-style citEntry(). Please
use bibentry() instead.
Flavors: r-devel-linux-x86_64-debian-clang, r-devel-linux-x86_64-debian-gcc