Last updated on 2024-07-27 01:53:08 CEST.
Flavor | Version | Tinstall | Tcheck | Ttotal | Status | Flags |
---|---|---|---|---|---|---|
r-devel-linux-x86_64-debian-clang | 0.11.0 | 13.84 | 406.43 | 420.27 | OK | |
r-devel-linux-x86_64-debian-gcc | 0.11.0 | 10.50 | 296.03 | 306.53 | NOTE | |
r-devel-linux-x86_64-fedora-clang | 0.11.0 | 496.25 | OK | |||
r-devel-linux-x86_64-fedora-gcc | 0.11.0 | 485.74 | OK | |||
r-devel-windows-x86_64 | 0.11.0 | 13.00 | 275.00 | 288.00 | NOTE | |
r-patched-linux-x86_64 | 0.11.0 | OK | ||||
r-release-linux-x86_64 | 0.11.0 | 9.26 | 383.02 | 392.28 | OK | |
r-release-macos-arm64 | 0.11.0 | 129.00 | OK | |||
r-release-macos-x86_64 | 0.11.0 | 237.00 | OK | |||
r-release-windows-x86_64 | 0.11.0 | 13.00 | 272.00 | 285.00 | OK | |
r-oldrel-macos-arm64 | 0.11.0 | 215.00 | OK | |||
r-oldrel-macos-x86_64 | 0.11.0 | 259.00 | OK | |||
r-oldrel-windows-x86_64 | 0.11.0 | 18.00 | 355.00 | 373.00 | OK |
Version: 0.11.0
Check: Rd cross-references
Result: NOTE
Found the following Rd file(s) with Rd \link{} targets missing package
anchors:
cfda-package.Rd: create.basis
compute_optimal_encoding.Rd: create.basis
Please provide package anchors for all Rd \link{} targets not in the
package itself and the base packages.
Flavors: r-devel-linux-x86_64-debian-gcc, r-devel-windows-x86_64