CRAN Package Check Results for Package cgAUC

Last updated on 2025-05-04 02:50:01 CEST.

Flavor Version Tinstall Tcheck Ttotal Status Flags
r-devel-linux-x86_64-debian-clang 1.2.1 10.56 22.36 32.92 NOTE
r-devel-linux-x86_64-debian-gcc 1.2.1 7.66 18.18 25.84 NOTE
r-devel-linux-x86_64-fedora-clang 1.2.1 59.27 NOTE
r-devel-linux-x86_64-fedora-gcc 1.2.1 57.62 NOTE
r-devel-windows-x86_64 1.2.1 13.00 70.00 83.00 NOTE
r-patched-linux-x86_64 1.2.1 10.69 21.32 32.01 NOTE
r-release-linux-x86_64 NOTE
r-release-macos-arm64 1.2.1 22.00 NOTE
r-release-macos-x86_64 1.2.1 34.00 NOTE
r-release-windows-x86_64 1.2.1 14.00 60.00 74.00 NOTE
r-oldrel-macos-arm64 1.2.1 27.00 NOTE
r-oldrel-macos-x86_64 1.2.1 35.00 NOTE
r-oldrel-windows-x86_64 1.2.1 14.00 71.00 85.00 NOTE

Check Details

Version: 1.2.1
Check: CRAN incoming feasibility
Result: NOTE Maintainer: ‘Yu-chia Chang <curare7177@gmail.com>’ No Authors@R field in DESCRIPTION. Please add one, modifying Authors@R: c(person(given = c("Yuan-chin", "I."), family = "Chang", role = "aut"), person(given = "Yu-chia", family = "Chang", role = c("aut", "cre"), email = "curare7177@gmail.com"), person(given = "Ling-wan", family = "Chen", role = "aut")) as necessary. Flavors: r-devel-linux-x86_64-debian-clang, r-devel-linux-x86_64-debian-gcc

Version: 1.2.1
Check: DESCRIPTION meta-information
Result: NOTE Malformed Title field: should not end in a period. Flavors: r-devel-linux-x86_64-debian-clang, r-devel-linux-x86_64-debian-gcc, r-devel-linux-x86_64-fedora-clang, r-devel-linux-x86_64-fedora-gcc, r-devel-windows-x86_64, r-patched-linux-x86_64, r-release-linux-x86_64, r-release-macos-arm64, r-release-macos-x86_64, r-release-windows-x86_64, r-oldrel-macos-arm64, r-oldrel-macos-x86_64, r-oldrel-windows-x86_64

Version: 1.2.1
Check: compiled code
Result: NOTE File ‘cgAUC/libs/cgAUC.so’: Found no calls to: ‘R_registerRoutines’, ‘R_useDynamicSymbols’ It is good practice to register native routines and to disable symbol search. See ‘Writing portable packages’ in the ‘Writing R Extensions’ manual. Flavors: r-devel-linux-x86_64-fedora-clang, r-devel-linux-x86_64-fedora-gcc