Last updated on 2025-05-24 01:51:16 CEST.
Flavor | Version | Tinstall | Tcheck | Ttotal | Status | Flags |
---|---|---|---|---|---|---|
r-devel-linux-x86_64-debian-clang | 0.1.0 | 6.82 | 24.83 | 31.65 | NOTE | |
r-devel-linux-x86_64-debian-gcc | 0.1.0 | 4.63 | 20.49 | 25.12 | NOTE | |
r-devel-linux-x86_64-fedora-clang | 0.1.0 | 39.75 | OK | |||
r-devel-linux-x86_64-fedora-gcc | 0.1.0 | 38.00 | OK | |||
r-devel-windows-x86_64 | 0.1.0 | 28.00 | 56.00 | 84.00 | OK | |
r-patched-linux-x86_64 | 0.1.0 | 6.36 | 23.03 | 29.39 | OK | |
r-release-linux-x86_64 | 0.1.0 | 6.61 | 23.16 | 29.77 | OK | |
r-release-macos-arm64 | 0.1.0 | 31.00 | OK | |||
r-release-macos-x86_64 | 0.1.0 | 57.00 | OK | |||
r-release-windows-x86_64 | 0.1.0 | 22.00 | 52.00 | 74.00 | OK | |
r-oldrel-macos-x86_64 | 0.1.0 | 49.00 | NOTE | |||
r-oldrel-windows-x86_64 | 0.1.0 | 26.00 | 46.00 | 72.00 | NOTE |
Version: 0.1.0
Check: CRAN incoming feasibility
Result: NOTE
Maintainer: ‘Ahmadou Dicko <mail@ahmadoudicko.com>’
No Authors@R field in DESCRIPTION.
Please add one, modifying
Authors@R: c(person(given = "file",
family = "inst/AUTHORS",
role = "aut"),
person(given = "Ahmadou",
family = "Dicko",
role = "cre",
email = "mail@ahmadoudicko.com"))
as necessary.
Flavors: r-devel-linux-x86_64-debian-clang, r-devel-linux-x86_64-debian-gcc
Version: 0.1.0
Check: installed package size
Result: NOTE
installed size is 37.9Mb
sub-directories of 1Mb or more:
include 37.8Mb
Flavors: r-oldrel-macos-x86_64, r-oldrel-windows-x86_64