Last updated on 2024-07-27 01:53:08 CEST.
Flavor | Version | Tinstall | Tcheck | Ttotal | Status | Flags |
---|---|---|---|---|---|---|
r-devel-linux-x86_64-debian-clang | 0.8.0 | 41.77 | 555.26 | 597.03 | OK | |
r-devel-linux-x86_64-debian-gcc | 0.8.0 | 39.15 | 395.19 | 434.34 | OK | |
r-devel-linux-x86_64-fedora-clang | 0.8.0 | 733.60 | NOTE | |||
r-devel-linux-x86_64-fedora-gcc | 0.8.0 | 682.46 | OK | |||
r-devel-windows-x86_64 | 0.8.0 | 39.00 | 331.00 | 370.00 | NOTE | |
r-patched-linux-x86_64 | 0.8.0 | OK | ||||
r-release-linux-x86_64 | 0.8.0 | 46.89 | 519.48 | 566.37 | OK | |
r-release-macos-arm64 | 0.8.0 | 152.00 | NOTE | |||
r-release-macos-x86_64 | 0.8.0 | 295.00 | NOTE | |||
r-release-windows-x86_64 | 0.8.0 | 40.00 | 334.00 | 374.00 | NOTE | |
r-oldrel-macos-arm64 | 0.8.0 | 172.00 | NOTE | |||
r-oldrel-macos-x86_64 | 0.8.0 | 310.00 | NOTE | |||
r-oldrel-windows-x86_64 | 0.8.0 | 52.00 | 450.00 | 502.00 | NOTE |
Version: 0.8.0
Check: installed package size
Result: NOTE
installed size is 5.5Mb
sub-directories of 1Mb or more:
doc 1.5Mb
help 2.2Mb
Flavors: r-devel-linux-x86_64-fedora-clang, r-devel-windows-x86_64, r-release-macos-arm64, r-release-macos-x86_64, r-release-windows-x86_64, r-oldrel-macos-arm64, r-oldrel-macos-x86_64, r-oldrel-windows-x86_64