Last updated on 2025-05-24 01:51:16 CEST.
Flavor | Version | Tinstall | Tcheck | Ttotal | Status | Flags |
---|---|---|---|---|---|---|
r-devel-linux-x86_64-debian-clang | 0.9.0 | 5.39 | 60.55 | 65.94 | OK | |
r-devel-linux-x86_64-debian-gcc | 0.9.0 | 3.93 | 42.72 | 46.65 | OK | |
r-devel-linux-x86_64-fedora-clang | 0.9.1 | 117.24 | OK | |||
r-devel-linux-x86_64-fedora-gcc | 0.9.1 | 120.01 | OK | |||
r-devel-windows-x86_64 | 0.9.0 | 7.00 | 149.00 | 156.00 | OK | |
r-patched-linux-x86_64 | 0.9.0 | 6.76 | 57.39 | 64.15 | OK | |
r-release-linux-x86_64 | 0.9.0 | 5.33 | 57.50 | 62.83 | OK | |
r-release-macos-arm64 | 0.9.1 | 41.00 | OK | |||
r-release-macos-x86_64 | 0.9.0 | 107.00 | OK | |||
r-release-windows-x86_64 | 0.9.0 | 8.00 | 130.00 | 138.00 | OK | |
r-oldrel-macos-arm64 | 0.9.1 | 48.00 | NOTE | |||
r-oldrel-macos-x86_64 | 0.9.1 | 81.00 | NOTE | |||
r-oldrel-windows-x86_64 | 0.9.0 | 9.00 | 101.00 | 110.00 | OK |
Version: 0.9.1
Check: installed package size
Result: NOTE
installed size is 5.7Mb
sub-directories of 1Mb or more:
doc 4.4Mb
Flavors: r-oldrel-macos-arm64, r-oldrel-macos-x86_64