Last updated on 2025-02-16 02:51:15 CET.
Flavor | Version | Tinstall | Tcheck | Ttotal | Status | Flags |
---|---|---|---|---|---|---|
r-devel-linux-x86_64-debian-clang | 0.1.3 | 7.92 | 238.66 | 246.58 | NOTE | |
r-devel-linux-x86_64-debian-gcc | 0.1.3 | 4.35 | 167.78 | 172.13 | NOTE | |
r-devel-linux-x86_64-fedora-clang | 0.1.3 | 421.87 | NOTE | |||
r-devel-linux-x86_64-fedora-gcc | 0.1.3 | 385.51 | NOTE | |||
r-devel-macos-arm64 | 0.1.3 | 102.00 | NOTE | |||
r-devel-macos-x86_64 | 0.1.3 | 246.00 | NOTE | |||
r-devel-windows-x86_64 | 0.1.3 | 8.00 | 221.00 | 229.00 | NOTE | |
r-patched-linux-x86_64 | 0.1.3 | 6.64 | 222.83 | 229.47 | NOTE | |
r-release-linux-x86_64 | 0.1.3 | 7.02 | 223.20 | 230.22 | NOTE | |
r-release-macos-arm64 | 0.1.3 | 104.00 | NOTE | |||
r-release-macos-x86_64 | 0.1.3 | 180.00 | NOTE | |||
r-release-windows-x86_64 | 0.1.3 | 8.00 | 218.00 | 226.00 | NOTE | |
r-oldrel-macos-arm64 | 0.1.3 | 120.00 | OK | |||
r-oldrel-macos-x86_64 | 0.1.3 | 269.00 | OK | |||
r-oldrel-windows-x86_64 | 0.1.3 | 12.00 | 288.00 | 300.00 | OK |
Version: 0.1.3
Check: Rd files
Result: NOTE
checkRd: (-1) data_generator.Rd:93: Lost braces; missing escapes or markup?
93 | \item{estimand_mean}{List of means of the FULL, S_{++}, S_{*+} and
| ^
checkRd: (-1) data_generator.Rd:93: Lost braces; missing escapes or markup?
93 | \item{estimand_mean}{List of means of the FULL, S_{++}, S_{*+} and
| ^
checkRd: (-1) data_generator.Rd:95: Lost braces; missing escapes or markup?
95 | \item{estimand_sd}{List of standard deviations of the FULL, S_{++}, S_{*+}
| ^
checkRd: (-1) data_generator.Rd:95: Lost braces; missing escapes or markup?
95 | \item{estimand_sd}{List of standard deviations of the FULL, S_{++}, S_{*+}
| ^
checkRd: (-1) data_generator_loop.Rd:96: Lost braces; missing escapes or markup?
96 | \item{estimand_mean}{List of means of the FULL, S_{++}, S_{*+} and
| ^
checkRd: (-1) data_generator_loop.Rd:96: Lost braces; missing escapes or markup?
96 | \item{estimand_mean}{List of means of the FULL, S_{++}, S_{*+} and
| ^
checkRd: (-1) data_generator_loop.Rd:98: Lost braces; missing escapes or markup?
98 | \item{estimand_sd}{List of standard deviations of the FULL, S_{++},
| ^
checkRd: (-1) data_generator_loop.Rd:99: Lost braces; missing escapes or markup?
99 | S_{*+} and PP estimands}
| ^
Flavors: r-devel-linux-x86_64-debian-clang, r-devel-linux-x86_64-debian-gcc, r-devel-linux-x86_64-fedora-clang, r-devel-linux-x86_64-fedora-gcc, r-devel-macos-arm64, r-devel-macos-x86_64, r-devel-windows-x86_64, r-patched-linux-x86_64, r-release-linux-x86_64, r-release-macos-arm64, r-release-macos-x86_64, r-release-windows-x86_64