Last updated on 2024-07-27 01:53:08 CEST.
Flavor | Version | Tinstall | Tcheck | Ttotal | Status | Flags |
---|---|---|---|---|---|---|
r-devel-linux-x86_64-debian-clang | 2.1.1 | 17.66 | 160.03 | 177.69 | OK | |
r-devel-linux-x86_64-debian-gcc | 2.1.1 | 14.53 | 116.28 | 130.81 | OK | |
r-devel-linux-x86_64-fedora-clang | 2.1.1 | 222.96 | NOTE | |||
r-devel-linux-x86_64-fedora-gcc | 2.1.1 | 203.59 | NOTE | |||
r-devel-windows-x86_64 | 2.1.1 | 17.00 | 132.00 | 149.00 | OK | |
r-patched-linux-x86_64 | 2.1.1 | OK | ||||
r-release-linux-x86_64 | 2.1.1 | 14.72 | 151.81 | 166.53 | OK | |
r-release-macos-arm64 | 2.1.1 | 63.00 | OK | |||
r-release-macos-x86_64 | 2.1.1 | 109.00 | OK | |||
r-release-windows-x86_64 | 2.1.1 | 15.00 | 136.00 | 151.00 | OK | |
r-oldrel-macos-arm64 | 2.1.1 | 70.00 | OK | |||
r-oldrel-macos-x86_64 | 2.1.1 | 151.00 | OK | |||
r-oldrel-windows-x86_64 | 2.1.1 | 21.00 | 162.00 | 183.00 | OK |
Version: 2.1.1
Check: data for non-ASCII characters
Result: NOTE
Note: found 29 marked UTF-8 strings
Flavors: r-devel-linux-x86_64-fedora-clang, r-devel-linux-x86_64-fedora-gcc