Last updated on 2025-11-13 02:52:15 CET.
| Flavor | Version | Tinstall | Tcheck | Ttotal | Status | Flags |
|---|---|---|---|---|---|---|
| r-devel-linux-x86_64-debian-clang | 2.1.1 | 13.49 | 145.39 | 158.88 | NOTE | |
| r-devel-linux-x86_64-debian-gcc | 2.1.1 | 11.04 | 101.88 | 112.92 | NOTE | |
| r-devel-linux-x86_64-fedora-clang | 2.1.1 | 31.00 | 217.18 | 248.18 | OK | |
| r-devel-linux-x86_64-fedora-gcc | 2.1.1 | 34.00 | 200.50 | 234.50 | OK | |
| r-devel-windows-x86_64 | 2.1.1 | 18.00 | 140.00 | 158.00 | OK | |
| r-patched-linux-x86_64 | 2.1.1 | 15.74 | 135.09 | 150.83 | OK | |
| r-release-linux-x86_64 | 2.1.1 | 15.62 | 134.67 | 150.29 | OK | |
| r-release-macos-arm64 | 2.1.1 | 9.00 | 89.00 | 98.00 | OK | |
| r-release-macos-x86_64 | 2.1.1 | 13.00 | 118.00 | 131.00 | OK | |
| r-release-windows-x86_64 | 2.1.1 | 19.00 | 139.00 | 158.00 | OK | |
| r-oldrel-macos-arm64 | 2.1.1 | 6.00 | 57.00 | 63.00 | OK | |
| r-oldrel-macos-x86_64 | 2.1.1 | 11.00 | 98.00 | 109.00 | OK | |
| r-oldrel-windows-x86_64 | 2.1.1 | 25.00 | 177.00 | 202.00 | OK |
Version: 2.1.1
Check: CRAN incoming feasibility
Result: NOTE
Maintainer: ‘Anton Strezhnev <astrezhnev@uchicago.edu>’
No Authors@R field in DESCRIPTION.
Please add one, modifying
Authors@R: c(person(given = "Soubhik",
family = "Barari",
role = "aut"),
person(given = "Elissa",
family = "Berwick",
role = "aut"),
person(given = "Jens",
family = "Hainmueller",
role = "aut"),
person(given = "Daniel",
family = "Hopkins",
role = "aut"),
person(given = "Sean",
family = "Liu",
role = "aut"),
person(given = "Anton",
family = "Strezhnev",
role = c("aut", "cre"),
email = "astrezhnev@uchicago.edu"),
person(given = "Teppei",
family = "Yamamoto",
role = "aut"))
as necessary.
Flavors: r-devel-linux-x86_64-debian-clang, r-devel-linux-x86_64-debian-gcc