CRAN Package Check Results for Package classInt

Last updated on 2025-07-17 02:49:21 CEST.

Flavor Version Tinstall Tcheck Ttotal Status Flags
r-devel-linux-x86_64-debian-clang 0.4-11 3.08 70.52 73.60 OK
r-devel-linux-x86_64-debian-gcc 0.4-11 2.74 55.62 58.36 OK
r-devel-linux-x86_64-fedora-clang 0.4-11 109.24 OK
r-devel-linux-x86_64-fedora-gcc 0.4-11 119.53 OK
r-devel-windows-x86_64 0.4-11 8.00 99.00 107.00 OK
r-patched-linux-x86_64 0.4-11 3.10 68.00 71.10 OK
r-release-linux-x86_64 0.4-11 2.91 69.16 72.07 OK
r-release-macos-arm64 0.4-11 51.00 OK
r-release-macos-x86_64 0.4-11 64.00 ERROR
r-release-windows-x86_64 0.4-11 8.00 98.00 106.00 OK
r-oldrel-macos-arm64 0.4-11 49.00 OK
r-oldrel-macos-x86_64 0.4-11 136.00 OK
r-oldrel-windows-x86_64 0.4-11 9.00 118.00 127.00 OK

Check Details

Version: 0.4-11
Check: re-building of vignette outputs
Result: ERROR Error(s) in re-building vignettes: --- re-building ‘headtailsR.Rmd’ using rmarkdown Error: processing vignette 'headtailsR.Rmd' failed with diagnostics: there is no package called ‘sass’ --- failed re-building ‘headtailsR.Rmd’ SUMMARY: processing the following file failed: ‘headtailsR.Rmd’ Error: Vignette re-building failed. Execution halted Flavor: r-release-macos-x86_64