Last updated on 2024-07-27 01:53:08 CEST.
Flavor | Version | Tinstall | Tcheck | Ttotal | Status | Flags |
---|---|---|---|---|---|---|
r-devel-linux-x86_64-debian-clang | 0.4-10 | 3.97 | 86.04 | 90.01 | OK | |
r-devel-linux-x86_64-debian-gcc | 0.4-10 | 2.89 | 65.00 | 67.89 | OK | |
r-devel-linux-x86_64-fedora-clang | 0.4-10 | 114.07 | OK | |||
r-devel-linux-x86_64-fedora-gcc | 0.4-10 | 123.15 | OK | |||
r-devel-windows-x86_64 | 0.4-10 | 10.00 | 100.00 | 110.00 | OK | |
r-patched-linux-x86_64 | 0.4-10 | OK | ||||
r-release-linux-x86_64 | 0.4-10 | 3.52 | 85.18 | 88.70 | OK | |
r-release-macos-arm64 | 0.4-10 | 47.00 | OK | |||
r-release-macos-x86_64 | 0.4-10 | 40.00 | ERROR | |||
r-release-windows-x86_64 | 0.4-10 | 7.00 | 97.00 | 104.00 | OK | |
r-oldrel-macos-arm64 | 0.4-10 | 73.00 | OK | |||
r-oldrel-macos-x86_64 | 0.4-10 | 92.00 | OK | |||
r-oldrel-windows-x86_64 | 0.4-10 | 9.00 | 100.00 | 109.00 | OK |
Version: 0.4-10
Check: re-building of vignette outputs
Result: ERROR
Error(s) in re-building vignettes:
...
--- re-building ‘headtailsR.Rmd’ using rmarkdown
Error: processing vignette 'headtailsR.Rmd' failed with diagnostics:
there is no package called ‘sass’
--- failed re-building ‘headtailsR.Rmd’
SUMMARY: processing the following file failed:
‘headtailsR.Rmd’
Error: Vignette re-building failed.
Execution halted
Flavor: r-release-macos-x86_64