CRAN Package Check Results for Package cliot

Last updated on 2025-05-07 01:49:51 CEST.

Flavor Version Tinstall Tcheck Ttotal Status Flags
r-devel-linux-x86_64-debian-clang 0.2.0 2.04 18.57 20.61 NOTE
r-devel-linux-x86_64-debian-gcc 0.2.0 1.72 14.70 16.42 NOTE
r-devel-linux-x86_64-fedora-clang 0.2.0 33.25 OK
r-devel-linux-x86_64-fedora-gcc 0.2.0 31.30 OK
r-devel-windows-x86_64 0.2.0 3.00 39.00 42.00 OK
r-patched-linux-x86_64 0.2.0 2.24 17.93 20.17 OK
r-release-linux-x86_64 0.2.0 2.11 17.89 20.00 OK
r-release-macos-arm64 0.2.0 17.00 OK
r-release-macos-x86_64 0.2.0 22.00 OK
r-release-windows-x86_64 0.2.0 4.00 42.00 46.00 OK
r-oldrel-macos-arm64 0.2.0 21.00 OK
r-oldrel-macos-x86_64 0.2.0 20.00 OK
r-oldrel-windows-x86_64 0.2.0 3.00 38.00 41.00 OK

Check Details

Version: 0.2.0
Check: CRAN incoming feasibility
Result: NOTE Maintainer: ‘Neel Agarwal <neel.agarwal.216@gmail.com>’ No Authors@R field in DESCRIPTION. Please add one, modifying Authors@R: person(given = "Neel", family = "Agarwal", role = c("aut", "cre"), email = "nxa357@case.edu") as necessary. Flavors: r-devel-linux-x86_64-debian-clang, r-devel-linux-x86_64-debian-gcc