Last updated on 2025-05-06 02:50:14 CEST.
Flavor | Version | Tinstall | Tcheck | Ttotal | Status | Flags |
---|---|---|---|---|---|---|
r-devel-linux-x86_64-debian-clang | 0.1.12 | 1.49 | 28.42 | 29.91 | NOTE | |
r-devel-linux-x86_64-debian-gcc | 0.1.12 | 1.35 | 23.00 | 24.35 | NOTE | |
r-devel-linux-x86_64-fedora-clang | 0.1.12 | 47.68 | OK | |||
r-devel-linux-x86_64-fedora-gcc | 0.1.12 | 58.83 | OK | |||
r-devel-windows-x86_64 | 0.1.12 | 3.00 | 82.00 | 85.00 | OK | |
r-patched-linux-x86_64 | 0.1.12 | 1.78 | 27.51 | 29.29 | OK | |
r-release-linux-x86_64 | 0.1.12 | 1.67 | 27.25 | 28.92 | OK | |
r-release-macos-arm64 | 0.1.12 | 26.00 | OK | |||
r-release-macos-x86_64 | 0.1.12 | 49.00 | OK | |||
r-release-windows-x86_64 | 0.1.12 | 3.00 | 87.00 | 90.00 | OK | |
r-oldrel-macos-arm64 | 0.1.12 | 27.00 | OK | |||
r-oldrel-macos-x86_64 | 0.1.12 | 40.00 | OK | |||
r-oldrel-windows-x86_64 | 0.1.12 | 2.00 | 78.00 | 80.00 | OK |
Version: 0.1.12
Check: CRAN incoming feasibility
Result: NOTE
Maintainer: ‘Christian Panse <cp@fgcz.ethz.ch>’
No Authors@R field in DESCRIPTION.
Please add one, modifying
Authors@R: c(person(given = "Christian",
family = "Panse",
role = c("aut", "cre"),
email = "cp@fgcz.ethz.ch"),
person(given = "Ermir",
family = "Qeli",
role = "aut",
email = "ermir.qeli@gmail.com"))
as necessary.
Flavors: r-devel-linux-x86_64-debian-clang, r-devel-linux-x86_64-debian-gcc