Last updated on 2025-05-24 01:51:16 CEST.
Flavor | Version | Tinstall | Tcheck | Ttotal | Status | Flags |
---|---|---|---|---|---|---|
r-devel-linux-x86_64-debian-clang | 1.0-1 | 1.95 | 36.95 | 38.90 | NOTE | |
r-devel-linux-x86_64-debian-gcc | 1.0-1 | 1.49 | 28.52 | 30.01 | NOTE | |
r-devel-linux-x86_64-fedora-clang | 1.0-1 | 60.32 | OK | |||
r-devel-linux-x86_64-fedora-gcc | 1.0-1 | 57.81 | OK | |||
r-devel-windows-x86_64 | 1.0-1 | 3.00 | 86.00 | 89.00 | OK | |
r-patched-linux-x86_64 | 1.0-1 | 3.45 | 35.08 | 38.53 | OK | |
r-release-linux-x86_64 | 1.0-1 | 1.76 | 35.26 | 37.02 | OK | |
r-release-macos-arm64 | 1.0-1 | 22.00 | OK | |||
r-release-macos-x86_64 | 1.0-1 | 35.00 | OK | |||
r-release-windows-x86_64 | 1.0-1 | 3.00 | 74.00 | 77.00 | OK | |
r-oldrel-macos-arm64 | 1.0-1 | 25.00 | OK | |||
r-oldrel-macos-x86_64 | 1.0-1 | 33.00 | OK | |||
r-oldrel-windows-x86_64 | 1.0-1 | 3.00 | 67.00 | 70.00 | OK |
Version: 1.0-1
Check: CRAN incoming feasibility
Result: NOTE
Maintainer: ‘Frederick Novomestky <fnovomes@poly.edu>’
No Authors@R field in DESCRIPTION.
Please add one, modifying
Authors@R: person(given = "Frederick",
family = "Novomestky",
role = c("aut", "cre"),
email = "fnovomes@poly.edu")
as necessary.
Flavors: r-devel-linux-x86_64-debian-clang, r-devel-linux-x86_64-debian-gcc