Last updated on 2025-11-13 01:50:16 CET.
| Flavor | Version | Tinstall | Tcheck | Ttotal | Status | Flags |
|---|---|---|---|---|---|---|
| r-devel-linux-x86_64-debian-clang | 0.1.1 | 103.23 | 44.99 | 148.22 | OK | |
| r-devel-linux-x86_64-debian-gcc | 0.1.1 | 71.58 | 38.16 | 109.74 | OK | |
| r-devel-linux-x86_64-fedora-clang | 0.1.1 | 149.00 | 126.14 | 275.14 | OK | |
| r-devel-linux-x86_64-fedora-gcc | 0.1.1 | 125.00 | 128.45 | 253.45 | OK | |
| r-devel-windows-x86_64 | 0.1.1 | 120.00 | 88.00 | 208.00 | OK | |
| r-patched-linux-x86_64 | 0.1.1 | 106.29 | 49.62 | 155.91 | OK | |
| r-release-linux-x86_64 | 0.1.1 | 100.22 | 49.96 | 150.18 | OK | |
| r-release-macos-arm64 | 0.1.1 | 39.00 | 22.00 | 61.00 | OK | |
| r-release-macos-x86_64 | 0.1.1 | 62.00 | 57.00 | 119.00 | OK | |
| r-release-windows-x86_64 | 0.1.1 | 117.00 | 84.00 | 201.00 | OK | |
| r-oldrel-macos-arm64 | 0.1.1 | 38.00 | 27.00 | 65.00 | NOTE | |
| r-oldrel-macos-x86_64 | 0.1.1 | 55.00 | 67.00 | 122.00 | NOTE | |
| r-oldrel-windows-x86_64 | 0.1.1 | 138.00 | 102.00 | 240.00 | OK |
Version: 0.1.1
Check: installed package size
Result: NOTE
installed size is 17.1Mb
sub-directories of 1Mb or more:
libs 16.9Mb
Flavors: r-oldrel-macos-arm64, r-oldrel-macos-x86_64