Last updated on 2024-07-27 01:53:08 CEST.
Flavor | Version | Tinstall | Tcheck | Ttotal | Status | Flags |
---|---|---|---|---|---|---|
r-devel-linux-x86_64-debian-clang | 2.0.15 | 328.94 | 510.21 | 839.15 | NOTE | |
r-devel-linux-x86_64-debian-gcc | 2.0.15 | 173.88 | 376.80 | 550.68 | NOTE | |
r-devel-linux-x86_64-fedora-clang | 2.0.15 | 999.08 | NOTE | |||
r-devel-linux-x86_64-fedora-gcc | 2.0.15 | 1013.91 | NOTE | |||
r-devel-windows-x86_64 | 2.0.15 | 178.00 | 457.00 | 635.00 | NOTE | |
r-patched-linux-x86_64 | 2.0.15 | OK | ||||
r-release-linux-x86_64 | 2.0.15 | 212.58 | 501.21 | 713.79 | OK | |
r-release-macos-arm64 | 2.0.15 | 280.00 | NOTE | |||
r-release-macos-x86_64 | 2.0.15 | 618.00 | NOTE | |||
r-release-windows-x86_64 | 2.0.15 | 200.00 | 448.00 | 648.00 | NOTE | |
r-oldrel-macos-arm64 | 2.0.15 | 268.00 | NOTE | |||
r-oldrel-macos-x86_64 | 2.0.15 | 592.00 | NOTE | |||
r-oldrel-windows-x86_64 | 2.0.15 | 222.00 | 542.00 | 764.00 | NOTE |
Version: 2.0.15
Check: compiled code
Result: NOTE
File ‘collapse/libs/collapse.so’:
Found non-API calls to R: ‘SETLENGTH’, ‘SET_TRUELENGTH’, ‘TRUELENGTH’
Compiled code should not call non-API entry points in R.
See ‘Writing portable packages’ in the ‘Writing R Extensions’ manual,
and section ‘Moving into C API compliance’ for issues with the use of
non-API entry points.
Flavors: r-devel-linux-x86_64-debian-clang, r-devel-linux-x86_64-debian-gcc, r-devel-linux-x86_64-fedora-clang, r-devel-linux-x86_64-fedora-gcc
Version: 2.0.15
Check: installed package size
Result: NOTE
installed size is 5.2Mb
sub-directories of 1Mb or more:
R 1.1Mb
libs 2.2Mb
Flavors: r-devel-linux-x86_64-fedora-clang, r-devel-windows-x86_64, r-release-macos-arm64, r-release-macos-x86_64, r-release-windows-x86_64, r-oldrel-macos-arm64, r-oldrel-macos-x86_64, r-oldrel-windows-x86_64
Version: 2.0.15
Check: compiled code
Result: NOTE
File 'collapse/libs/x64/collapse.dll':
Found non-API calls to R: 'SETLENGTH', 'SET_TRUELENGTH', 'TRUELENGTH'
Compiled code should not call non-API entry points in R.
See 'Writing portable packages' in the 'Writing R Extensions' manual,
and section 'Moving into C API compliance' for issues with the use of
non-API entry points.
Flavor: r-devel-windows-x86_64