Last updated on 2025-11-20 03:50:03 CET.
| Flavor | Version | Tinstall | Tcheck | Ttotal | Status | Flags |
|---|---|---|---|---|---|---|
| r-devel-linux-x86_64-debian-clang | 1.0.0 | 1.96 | 42.08 | 44.04 | NOTE | |
| r-devel-linux-x86_64-debian-gcc | 1.0.0 | 1.54 | 33.70 | 35.24 | NOTE | |
| r-devel-linux-x86_64-fedora-clang | 1.0.0 | 15.00 | 56.91 | 71.91 | OK | |
| r-devel-linux-x86_64-fedora-gcc | 1.0.0 | 13.00 | 70.07 | 83.07 | OK | |
| r-devel-windows-x86_64 | 1.0.0 | 7.00 | 59.00 | 66.00 | OK | |
| r-patched-linux-x86_64 | 1.0.0 | 1.64 | 39.14 | 40.78 | OK | |
| r-release-linux-x86_64 | 1.0.0 | 1.94 | 38.82 | 40.76 | OK | |
| r-release-macos-arm64 | 1.0.0 | OK | ||||
| r-release-macos-x86_64 | 1.0.0 | 2.00 | 56.00 | 58.00 | OK | |
| r-release-windows-x86_64 | 1.0.0 | 3.00 | 60.00 | 63.00 | OK | |
| r-oldrel-macos-arm64 | 1.0.0 | OK | ||||
| r-oldrel-macos-x86_64 | 1.0.0 | 2.00 | 47.00 | 49.00 | OK | |
| r-oldrel-windows-x86_64 | 1.0.0 | 5.00 | 69.00 | 74.00 | OK |
Version: 1.0.0
Check: CRAN incoming feasibility
Result: NOTE
Maintainer: ‘Nathan Levett <nathan.a.z.levett@gmail.com>’
The BugReports field in DESCRIPTION has
https://github.com/Skenvy/Collatz/issues/new/choose
which should likely be
https://github.com/Skenvy/Collatz/issues/new/choose/issues
instead.
Flavors: r-devel-linux-x86_64-debian-clang, r-devel-linux-x86_64-debian-gcc