Last updated on 2025-05-07 01:49:52 CEST.
Flavor | Version | Tinstall | Tcheck | Ttotal | Status | Flags |
---|---|---|---|---|---|---|
r-devel-linux-x86_64-debian-clang | 1.1.1 | 1.44 | 17.21 | 18.65 | NOTE | |
r-devel-linux-x86_64-debian-gcc | 1.1.1 | 1.30 | 14.32 | 15.62 | NOTE | |
r-devel-linux-x86_64-fedora-clang | 1.1.1 | 26.76 | OK | |||
r-devel-linux-x86_64-fedora-gcc | 1.1.1 | 25.47 | OK | |||
r-devel-windows-x86_64 | 1.1.1 | 2.00 | 34.00 | 36.00 | OK | |
r-patched-linux-x86_64 | 1.1.1 | 1.48 | 15.08 | 16.56 | OK | |
r-release-linux-x86_64 | 1.1.1 | 1.53 | 15.39 | 16.92 | OK | |
r-release-macos-arm64 | 1.1.1 | 14.00 | OK | |||
r-release-macos-x86_64 | 1.1.1 | 21.00 | OK | |||
r-release-windows-x86_64 | 1.1.1 | 3.00 | 35.00 | 38.00 | OK | |
r-oldrel-macos-arm64 | 1.1.1 | 19.00 | OK | |||
r-oldrel-macos-x86_64 | 1.1.1 | 24.00 | OK | |||
r-oldrel-windows-x86_64 | 1.1.1 | 2.00 | 34.00 | 36.00 | OK |
Version: 1.1.1
Check: CRAN incoming feasibility
Result: NOTE
Maintainer: ‘Thiyanga Talagala <thiyanga.talagala@monash.edu>’
No Authors@R field in DESCRIPTION.
Please add one, modifying
Authors@R: person(given = "Thiyanga",
family = "Talagala",
role = c("aut", "cre"),
email = "thiyanga.talagala@monash.edu")
as necessary.
Flavors: r-devel-linux-x86_64-debian-clang, r-devel-linux-x86_64-debian-gcc