Last updated on 2025-11-15 02:52:56 CET.
| Flavor | Version | Tinstall | Tcheck | Ttotal | Status | Flags |
|---|---|---|---|---|---|---|
| r-devel-linux-x86_64-debian-clang | 1.8-0 | 2.73 | 209.63 | 212.36 | OK | |
| r-devel-linux-x86_64-debian-gcc | 1.8-0 | 2.34 | 149.59 | 151.93 | OK | |
| r-devel-linux-x86_64-fedora-clang | 1.8-0 | 309.93 | OK | |||
| r-devel-linux-x86_64-fedora-gcc | 1.8-0 | 312.66 | OK | |||
| r-devel-windows-x86_64 | 1.8-0 | 7.00 | 315.00 | 322.00 | OK | |
| r-patched-linux-x86_64 | 1.8-0 | 5.54 | 201.81 | 207.35 | OK | |
| r-release-linux-x86_64 | 1.8-0 | 2.78 | 202.76 | 205.54 | OK | |
| r-release-macos-arm64 | 1.8-0 | 4.00 | 169.00 | 173.00 | OK | |
| r-release-macos-x86_64 | 1.8-0 | 3.00 | 222.00 | 225.00 | OK | |
| r-release-windows-x86_64 | 1.8-0 | 9.00 | 307.00 | 316.00 | OK | |
| r-oldrel-macos-arm64 | 1.8-0 | 2.00 | 145.00 | 147.00 | NOTE | |
| r-oldrel-macos-x86_64 | 1.8-0 | 4.00 | 213.00 | 217.00 | NOTE | |
| r-oldrel-windows-x86_64 | 1.8-0 | 9.00 | 341.00 | 350.00 | NOTE |
Version: 1.8-0
Check: installed package size
Result: NOTE
installed size is 5.2Mb
sub-directories of 1Mb or more:
doc 1.9Mb
extdata 2.4Mb
Flavors: r-oldrel-macos-arm64, r-oldrel-macos-x86_64, r-oldrel-windows-x86_64