CRAN Package Check Results for Package compareC

Last updated on 2025-05-05 01:50:43 CEST.

Flavor Version Tinstall Tcheck Ttotal Status Flags
r-devel-linux-x86_64-debian-clang 1.3.2 2.45 26.28 28.73 NOTE
r-devel-linux-x86_64-debian-gcc 1.3.2 1.92 25.32 27.24 NOTE
r-devel-linux-x86_64-fedora-clang 1.3.2 44.49 NOTE
r-devel-linux-x86_64-fedora-gcc 1.3.2 48.85 NOTE
r-devel-windows-x86_64 1.3.2 4.00 49.00 53.00 OK
r-patched-linux-x86_64 1.3.2 2.38 29.17 31.55 OK
r-release-linux-x86_64 1.3.2 2.26 29.24 31.50 OK
r-release-macos-arm64 1.3.2 21.00 OK
r-release-macos-x86_64 1.3.2 34.00 OK
r-release-windows-x86_64 1.3.2 5.00 53.00 58.00 OK
r-oldrel-macos-arm64 1.3.2 24.00 OK
r-oldrel-macos-x86_64 1.3.2 28.00 OK
r-oldrel-windows-x86_64 1.3.2 5.00 46.00 51.00 OK

Check Details

Version: 1.3.2
Check: CRAN incoming feasibility
Result: NOTE Maintainer: ‘Le Kang <Le.Kang@vcuhealth.org>’ No Authors@R field in DESCRIPTION. Please add one, modifying Authors@R: c(person(family = "Le Kang", role = c("aut", "cre"), email = "le.kang@vcuhealth.org"), person(given = "Weijie", family = "Chen", role = "aut")) as necessary. Problems when reading CITATION file: It is recommended to use ‘given’ instead of ‘middle’. Flavors: r-devel-linux-x86_64-debian-clang, r-devel-linux-x86_64-debian-gcc

Version: 1.3.2
Check: compiled code
Result: NOTE File ‘compareC/libs/compareC.so’: Found no calls to: ‘R_registerRoutines’, ‘R_useDynamicSymbols’ It is good practice to register native routines and to disable symbol search. See ‘Writing portable packages’ in the ‘Writing R Extensions’ manual. Flavors: r-devel-linux-x86_64-fedora-clang, r-devel-linux-x86_64-fedora-gcc