Last updated on 2025-02-10 01:48:18 CET.
Flavor | Version | Tinstall | Tcheck | Ttotal | Status | Flags |
---|---|---|---|---|---|---|
r-devel-linux-x86_64-debian-clang | 1.0.0 | 2.00 | 23.88 | 25.88 | OK | |
r-devel-linux-x86_64-debian-gcc | 1.0.0 | 1.58 | 18.43 | 20.01 | OK | |
r-devel-linux-x86_64-fedora-clang | 1.0.0 | 44.78 | OK | |||
r-devel-linux-x86_64-fedora-gcc | 1.0.0 | 41.01 | OK | |||
r-devel-windows-x86_64 | 1.0.0 | 3.00 | 48.00 | 51.00 | OK | |
r-patched-linux-x86_64 | 1.0.0 | 2.19 | 22.61 | 24.80 | NOTE | |
r-release-linux-x86_64 | 1.0.0 | 2.10 | 22.59 | 24.69 | NOTE | |
r-release-macos-arm64 | 1.0.0 | 18.00 | NOTE | |||
r-release-macos-x86_64 | 1.0.0 | 27.00 | NOTE | |||
r-release-windows-x86_64 | 1.0.0 | 4.00 | 48.00 | 52.00 | NOTE | |
r-oldrel-macos-arm64 | 1.0.0 | 21.00 | NOTE | |||
r-oldrel-macos-x86_64 | 1.0.0 | 26.00 | NOTE | |||
r-oldrel-windows-x86_64 | 1.0.0 | 4.00 | 52.00 | 56.00 | NOTE |
Version: 1.0.0
Check: LazyData
Result: NOTE
'LazyData' is specified without a 'data' directory
Flavors: r-patched-linux-x86_64, r-release-linux-x86_64, r-release-macos-arm64, r-release-macos-x86_64, r-release-windows-x86_64, r-oldrel-macos-arm64, r-oldrel-macos-x86_64, r-oldrel-windows-x86_64