Last updated on 2025-05-05 01:50:43 CEST.
Flavor | Version | Tinstall | Tcheck | Ttotal | Status | Flags |
---|---|---|---|---|---|---|
r-devel-linux-x86_64-debian-clang | 1.6.1-1 | 4.08 | 35.38 | 39.46 | NOTE | |
r-devel-linux-x86_64-debian-gcc | 1.6.1-1 | 2.95 | 26.34 | 29.29 | NOTE | |
r-devel-linux-x86_64-fedora-clang | 1.6.1-1 | 61.76 | OK | |||
r-devel-linux-x86_64-fedora-gcc | 1.6.1-1 | 60.34 | OK | |||
r-devel-windows-x86_64 | 1.6.1-1 | 5.00 | 61.00 | 66.00 | OK | |
r-patched-linux-x86_64 | 1.6.1-1 | 4.40 | 33.40 | 37.80 | OK | |
r-release-linux-x86_64 | 1.6.1-1 | 4.42 | 33.90 | 38.32 | OK | |
r-release-macos-arm64 | 1.6.1-1 | 21.00 | OK | |||
r-release-macos-x86_64 | 1.6.1-1 | 42.00 | OK | |||
r-release-windows-x86_64 | 1.6.1-1 | 5.00 | 59.00 | 64.00 | OK | |
r-oldrel-macos-arm64 | 1.6.1-1 | 25.00 | OK | |||
r-oldrel-macos-x86_64 | 1.6.1-1 | 34.00 | OK | |||
r-oldrel-windows-x86_64 | 1.6.1-1 | 7.00 | 64.00 | 71.00 | OK |
Version: 1.6.1-1
Check: CRAN incoming feasibility
Result: NOTE
Maintainer: ‘Joerg-Henrik Heine <jhheine@googlemail.com>’
No Authors@R field in DESCRIPTION.
Please add one, modifying
Authors@R: c(person(given = "Joerg-Henrik",
family = "Heine",
role = c("aut", "cre"),
email = "jhheine@googlemail.com"),
person(given = c("R.W.", "Alexandrowicz"),
family = ")",
role = "aut"),
person(given = c("some", "package", "testing", "by", "Mark"),
family = "Stemmler",
role = "aut"))
as necessary.
Flavors: r-devel-linux-x86_64-debian-clang, r-devel-linux-x86_64-debian-gcc