CRAN Package Check Results for Package conmet

Last updated on 2025-10-09 02:51:38 CEST.

Flavor Version Tinstall Tcheck Ttotal Status Flags
r-devel-linux-x86_64-debian-clang 0.1.0 2.90 31.80 34.70 OK
r-devel-linux-x86_64-debian-gcc 0.1.0 2.43 24.49 26.92 OK
r-devel-linux-x86_64-fedora-clang 0.1.0 54.95 NOTE
r-devel-linux-x86_64-fedora-gcc 0.1.0 51.27 NOTE
r-devel-windows-x86_64 0.1.0 6.00 56.00 62.00 OK
r-patched-linux-x86_64 0.1.0 3.60 30.23 33.83 OK
r-release-linux-x86_64 0.1.0 3.48 30.63 34.11 OK
r-release-macos-arm64 0.1.0 21.00 OK
r-release-macos-x86_64 0.1.0 45.00 OK
r-release-windows-x86_64 0.1.0 7.00 54.00 61.00 OK
r-oldrel-macos-arm64 0.1.0 22.00 OK
r-oldrel-macos-x86_64 0.1.0 30.00 OK
r-oldrel-windows-x86_64 0.1.0 8.00 59.00 67.00 OK

Check Details

Version: 0.1.0
Check: dependencies in R code
Result: NOTE Namespaces in Imports field not imported from: ‘DT’ ‘Hmisc’ ‘dplyr’ ‘foreign’ ‘lavaan’ ‘openxlsx’ ‘purrr’ ‘semTools’ ‘shinyWidgets’ ‘stringr’ ‘summarytools’ ‘waiter’ All declared Imports should be used. Flavors: r-devel-linux-x86_64-fedora-clang, r-devel-linux-x86_64-fedora-gcc