Last updated on 2024-07-27 01:53:09 CEST.
Flavor | Version | Tinstall | Tcheck | Ttotal | Status | Flags |
---|---|---|---|---|---|---|
r-devel-linux-x86_64-debian-clang | 0.2.0 | 16.64 | 82.52 | 99.16 | OK | |
r-devel-linux-x86_64-debian-gcc | 0.2.0 | 11.96 | 61.10 | 73.06 | OK | |
r-devel-linux-x86_64-fedora-clang | 0.2.0 | 107.01 | OK | |||
r-devel-linux-x86_64-fedora-gcc | 0.2.0 | 134.70 | OK | |||
r-devel-windows-x86_64 | 0.2.0 | 15.00 | 92.00 | 107.00 | OK | |
r-patched-linux-x86_64 | 0.2.0 | OK | ||||
r-release-linux-x86_64 | 0.2.0 | 14.42 | 76.22 | 90.64 | OK | |
r-release-macos-arm64 | 0.2.0 | 44.00 | OK | |||
r-release-macos-x86_64 | 0.2.0 | 115.00 | OK | |||
r-release-windows-x86_64 | 0.2.0 | 14.00 | 91.00 | 105.00 | OK | |
r-oldrel-macos-arm64 | 0.2.0 | 48.00 | ERROR | |||
r-oldrel-macos-x86_64 | 0.2.0 | 98.00 | ERROR | |||
r-oldrel-windows-x86_64 | 0.2.0 | 18.00 | 102.00 | 120.00 | OK |
Version: 0.2.0
Check: running R code from vignettes
Result: ERROR
Errors in running code in vignettes:
when running code in ‘customize-http.Rmd’
...
> library(httr)
> library(connectapi)
> client <- connect()
When sourcing ‘customize-http.R’:
Error: ERROR: Invalid (empty) API key. Please provide a valid API key
Execution halted
‘customize-http.Rmd’ using ‘UTF-8’... failed
‘getting-started.Rmd’ using ‘UTF-8’... [0s/0s] OK
Flavor: r-oldrel-macos-arm64
Version: 0.2.0
Check: running R code from vignettes
Result: ERROR
Errors in running code in vignettes:
when running code in ‘customize-http.Rmd’
...
> library(httr)
> library(connectapi)
> client <- connect()
When sourcing ‘customize-http.R’:
Error: ERROR: Invalid (empty) API key. Please provide a valid API key
Execution halted
‘customize-http.Rmd’ using ‘UTF-8’... failed
‘getting-started.Rmd’ using ‘UTF-8’... [0s/1s] OK
Flavor: r-oldrel-macos-x86_64