Last updated on 2024-05-11 01:50:33 CEST.
Flavor | Version | Tinstall | Tcheck | Ttotal | Status | Flags |
---|---|---|---|---|---|---|
r-devel-linux-x86_64-debian-clang | 1.1-3 | 64.48 | 955.94 | 1020.42 | OK | |
r-devel-linux-x86_64-debian-gcc | 1.1-3 | 42.34 | 669.57 | 711.91 | OK | |
r-devel-linux-x86_64-fedora-clang | 1.1-3 | 1222.56 | NOTE | |||
r-devel-linux-x86_64-fedora-gcc | 1.1-3 | 1306.40 | OK | |||
r-devel-windows-x86_64 | 1.1-3 | 51.00 | 422.00 | 473.00 | NOTE | --no-vignettes |
r-patched-linux-x86_64 | 1.1-3 | 63.38 | 903.96 | 967.34 | OK | |
r-release-linux-x86_64 | 1.1-3 | 49.13 | 907.28 | 956.41 | OK | |
r-release-macos-arm64 | 1.1-3 | 311.00 | NOTE | |||
r-release-windows-x86_64 | 1.1-3 | 53.00 | 414.00 | 467.00 | NOTE | --no-vignettes |
r-oldrel-macos-arm64 | 1.1-3 | 346.00 | NOTE | |||
r-oldrel-macos-x86_64 | 1.1-3 | 732.00 | NOTE | |||
r-oldrel-windows-x86_64 | 1.1-3 | 58.00 | 482.00 | 540.00 | NOTE | --no-vignettes |
Version: 1.1-3
Check: installed package size
Result: NOTE
installed size is 7.8Mb
sub-directories of 1Mb or more:
R 2.1Mb
doc 3.5Mb
Flavors: r-devel-linux-x86_64-fedora-clang, r-release-macos-arm64, r-oldrel-macos-arm64, r-oldrel-macos-x86_64
Version: 1.1-3
Flags: --no-vignettes
Check: installed package size
Result: NOTE
installed size is 7.6Mb
sub-directories of 1Mb or more:
R 2.1Mb
doc 3.5Mb
Flavors: r-devel-windows-x86_64, r-release-windows-x86_64, r-oldrel-windows-x86_64