Last updated on 2024-07-27 01:53:09 CEST.
Flavor | Version | Tinstall | Tcheck | Ttotal | Status | Flags |
---|---|---|---|---|---|---|
r-devel-linux-x86_64-debian-clang | 0.1.1 | 34.78 | 27.41 | 62.19 | OK | |
r-devel-linux-x86_64-debian-gcc | 0.1.1 | 22.28 | 21.28 | 43.56 | OK | |
r-devel-linux-x86_64-fedora-clang | 0.1.1 | 111.14 | NOTE | |||
r-devel-linux-x86_64-fedora-gcc | 0.1.1 | 88.52 | NOTE | |||
r-devel-windows-x86_64 | 0.1.1 | 30.00 | 60.00 | 90.00 | OK | |
r-patched-linux-x86_64 | 0.1.1 | OK | ||||
r-release-linux-x86_64 | 0.1.1 | 26.40 | 26.15 | 52.55 | OK | |
r-release-macos-arm64 | 0.1.1 | 26.00 | OK | |||
r-release-macos-x86_64 | 0.1.1 | 35.00 | OK | |||
r-release-windows-x86_64 | 0.1.1 | 37.00 | 58.00 | 95.00 | OK | |
r-oldrel-macos-arm64 | 0.1.1 | 28.00 | OK | |||
r-oldrel-macos-x86_64 | 0.1.1 | 44.00 | OK | |||
r-oldrel-windows-x86_64 | 0.1.1 | 34.00 | 65.00 | 99.00 | OK |
Version: 0.1.1
Check: compiled code
Result: NOTE
File ‘cord/libs/cord.so’:
Found no calls to: ‘R_registerRoutines’, ‘R_useDynamicSymbols’
It is good practice to register native routines and to disable symbol
search.
See ‘Writing portable packages’ in the ‘Writing R Extensions’ manual.
Flavors: r-devel-linux-x86_64-fedora-clang, r-devel-linux-x86_64-fedora-gcc