Last updated on 2024-07-27 01:53:09 CEST.
Flavor | Version | Tinstall | Tcheck | Ttotal | Status | Flags |
---|---|---|---|---|---|---|
r-devel-linux-x86_64-debian-clang | 0.1.4 | 156.22 | 41.01 | 197.23 | NOTE | |
r-devel-linux-x86_64-debian-gcc | 0.1.4 | 100.68 | 30.14 | 130.82 | NOTE | |
r-devel-linux-x86_64-fedora-clang | 0.1.4 | 361.05 | NOTE | |||
r-devel-linux-x86_64-fedora-gcc | 0.1.4 | 286.48 | NOTE | |||
r-devel-windows-x86_64 | 0.1.4 | 124.00 | 75.00 | 199.00 | NOTE | |
r-patched-linux-x86_64 | 0.1.4 | NOTE | ||||
r-release-linux-x86_64 | 0.1.4 | 131.10 | 39.03 | 170.13 | NOTE | |
r-release-macos-arm64 | 0.1.4 | 64.00 | NOTE | |||
r-release-macos-x86_64 | 0.1.4 | 64.00 | NOTE | |||
r-release-windows-x86_64 | 0.1.4 | 152.00 | 72.00 | 224.00 | NOTE | |
r-oldrel-macos-arm64 | 0.1.4 | 82.00 | NOTE | |||
r-oldrel-macos-x86_64 | 0.1.4 | 119.00 | NOTE | |||
r-oldrel-windows-x86_64 | 0.1.4 | 141.00 | 84.00 | 225.00 | NOTE |
Version: 0.1.4
Check: C++ specification
Result: NOTE
Specified C++11: please drop specification unless essential
Flavors: r-devel-linux-x86_64-debian-clang, r-devel-linux-x86_64-debian-gcc, r-devel-linux-x86_64-fedora-clang, r-devel-linux-x86_64-fedora-gcc, r-devel-windows-x86_64, r-patched-linux-x86_64, r-release-linux-x86_64, r-release-macos-arm64, r-release-macos-x86_64, r-release-windows-x86_64, r-oldrel-macos-arm64, r-oldrel-macos-x86_64, r-oldrel-windows-x86_64
Version: 0.1.4
Check: LazyData
Result: NOTE
'LazyData' is specified without a 'data' directory
Flavors: r-devel-linux-x86_64-debian-clang, r-devel-linux-x86_64-debian-gcc, r-devel-linux-x86_64-fedora-clang, r-devel-linux-x86_64-fedora-gcc, r-devel-windows-x86_64, r-patched-linux-x86_64, r-release-linux-x86_64, r-release-macos-arm64, r-release-macos-x86_64, r-release-windows-x86_64, r-oldrel-macos-arm64, r-oldrel-macos-x86_64, r-oldrel-windows-x86_64