Last updated on 2024-07-27 01:53:09 CEST.
Flavor | Version | Tinstall | Tcheck | Ttotal | Status | Flags |
---|---|---|---|---|---|---|
r-devel-linux-x86_64-debian-clang | 0.1.8 | 6.57 | 75.74 | 82.31 | OK | |
r-devel-linux-x86_64-debian-gcc | 0.1.8 | 4.32 | 58.01 | 62.33 | OK | |
r-devel-linux-x86_64-fedora-clang | 0.1.8 | 99.64 | NOTE | |||
r-devel-linux-x86_64-fedora-gcc | 0.1.8 | 93.22 | NOTE | |||
r-devel-windows-x86_64 | 0.1.8 | 6.00 | 82.00 | 88.00 | OK | |
r-patched-linux-x86_64 | 0.1.8 | OK | ||||
r-release-linux-x86_64 | 0.1.8 | 3.76 | 70.47 | 74.23 | OK | |
r-release-macos-arm64 | 0.1.8 | 50.00 | OK | |||
r-release-macos-x86_64 | 0.1.8 | 67.00 | OK | |||
r-release-windows-x86_64 | 0.1.8 | 6.00 | 82.00 | 88.00 | OK | |
r-oldrel-macos-arm64 | 0.1.8 | 52.00 | OK | |||
r-oldrel-macos-x86_64 | 0.1.8 | 76.00 | OK | |||
r-oldrel-windows-x86_64 | 0.1.8 | 9.00 | 94.00 | 103.00 | OK |
Version: 0.1.8
Check: data for non-ASCII characters
Result: NOTE
Note: found 2385 marked UTF-8 strings
Flavors: r-devel-linux-x86_64-fedora-clang, r-devel-linux-x86_64-fedora-gcc