Last updated on 2025-11-19 01:48:44 CET.
| Flavor | Version | Tinstall | Tcheck | Ttotal | Status | Flags |
|---|---|---|---|---|---|---|
| r-devel-linux-x86_64-debian-clang | 0.1.4 | 14.91 | 111.81 | 126.72 | NOTE | |
| r-devel-linux-x86_64-debian-gcc | 0.1.4 | 11.10 | 81.39 | 92.49 | NOTE | |
| r-devel-linux-x86_64-fedora-clang | 0.1.4 | 35.00 | 150.41 | 185.41 | NOTE | |
| r-devel-linux-x86_64-fedora-gcc | 0.1.4 | 32.00 | 141.33 | 173.33 | NOTE | |
| r-devel-windows-x86_64 | 0.1.4 | 17.00 | 115.00 | 132.00 | OK | |
| r-patched-linux-x86_64 | 0.1.4 | 15.25 | 103.63 | 118.88 | OK | |
| r-release-linux-x86_64 | 0.1.4 | 14.66 | 103.81 | 118.47 | OK | |
| r-release-macos-arm64 | 0.1.4 | 6.00 | 43.00 | 49.00 | OK | |
| r-release-macos-x86_64 | 0.1.4 | 11.00 | 75.00 | 86.00 | OK | |
| r-release-windows-x86_64 | 0.1.4 | 17.00 | 106.00 | 123.00 | OK | |
| r-oldrel-macos-arm64 | 0.1.4 | 5.00 | 40.00 | 45.00 | OK | |
| r-oldrel-macos-x86_64 | 0.1.4 | 9.00 | 71.00 | 80.00 | OK | |
| r-oldrel-windows-x86_64 | 0.1.4 | 22.00 | 138.00 | 160.00 | OK |
Version: 0.1.4
Check: CRAN incoming feasibility
Result: NOTE
Maintainer: ‘Max Salvatore <mmsalva@umich.edu>’
Found the following (possibly) invalid file URI:
URI: twitter.com/MaxSalTweets
From: README.md
Flavors: r-devel-linux-x86_64-debian-clang, r-devel-linux-x86_64-debian-gcc
Version: 0.1.4
Check: dependencies in R code
Result: NOTE
Namespaces in Imports field not imported from:
‘httr’ ‘stringr’
All declared Imports should be used.
Flavors: r-devel-linux-x86_64-fedora-clang, r-devel-linux-x86_64-fedora-gcc