Last updated on 2024-07-27 01:53:09 CEST.
Flavor | Version | Tinstall | Tcheck | Ttotal | Status | Flags |
---|---|---|---|---|---|---|
r-devel-linux-x86_64-debian-clang | 0.2.3 | 7.47 | 104.24 | 111.71 | OK | |
r-devel-linux-x86_64-debian-gcc | 0.2.3 | 6.16 | 77.31 | 83.47 | OK | |
r-devel-linux-x86_64-fedora-clang | 0.2.3 | 139.62 | NOTE | |||
r-devel-linux-x86_64-fedora-gcc | 0.2.3 | 144.55 | NOTE | |||
r-devel-windows-x86_64 | 0.2.3 | 9.00 | 92.00 | 101.00 | OK | |
r-patched-linux-x86_64 | 0.2.3 | OK | ||||
r-release-linux-x86_64 | 0.2.3 | 4.68 | 97.47 | 102.15 | OK | |
r-release-macos-arm64 | 0.2.3 | 54.00 | OK | |||
r-release-macos-x86_64 | 0.2.3 | 72.00 | OK | |||
r-release-windows-x86_64 | 0.2.3 | 8.00 | 90.00 | 98.00 | OK | |
r-oldrel-macos-arm64 | 0.2.3 | 52.00 | OK | |||
r-oldrel-macos-x86_64 | 0.2.3 | 110.00 | OK | |||
r-oldrel-windows-x86_64 | 0.2.3 | 11.00 | 104.00 | 115.00 | OK |
Version: 0.2.3
Check: data for non-ASCII characters
Result: NOTE
Note: found 37 marked UTF-8 strings
Flavors: r-devel-linux-x86_64-fedora-clang, r-devel-linux-x86_64-fedora-gcc