Last updated on 2025-05-07 01:49:53 CEST.
Flavor | Version | Tinstall | Tcheck | Ttotal | Status | Flags |
---|---|---|---|---|---|---|
r-devel-linux-x86_64-debian-clang | 1.1-2 | 2.39 | 25.38 | 27.77 | NOTE | |
r-devel-linux-x86_64-debian-gcc | 1.1-2 | 1.90 | 19.79 | 21.69 | NOTE | |
r-devel-linux-x86_64-fedora-clang | 1.1-2 | 42.04 | OK | |||
r-devel-linux-x86_64-fedora-gcc | 1.1-2 | 41.40 | OK | |||
r-devel-windows-x86_64 | 1.1-2 | 4.00 | 50.00 | 54.00 | OK | |
r-patched-linux-x86_64 | 1.1-2 | 2.82 | 24.22 | 27.04 | OK | |
r-release-linux-x86_64 | 1.1-2 | 2.51 | 23.76 | 26.27 | OK | |
r-release-macos-arm64 | 1.1-2 | 18.00 | OK | |||
r-release-macos-x86_64 | 1.1-2 | 31.00 | OK | |||
r-release-windows-x86_64 | 1.1-2 | 5.00 | 48.00 | 53.00 | OK | |
r-oldrel-macos-arm64 | 1.1-2 | 22.00 | OK | |||
r-oldrel-macos-x86_64 | 1.1-2 | 26.00 | OK | |||
r-oldrel-windows-x86_64 | 1.1-2 | 5.00 | 52.00 | 57.00 | OK |
Version: 1.1-2
Check: CRAN incoming feasibility
Result: NOTE
Maintainer: ‘Bjoern Bornkamp <bbnkmp@mail.de>’
No Authors@R field in DESCRIPTION.
Please add one, modifying
Authors@R: c(person(given = c("Martin", "Oliver"),
family = "Sailer",
role = "aut"),
person(given = "Bjoern",
family = "Bornkamp",
role = "cre",
email = "bbnkmp@mail.de"))
as necessary.
Flavors: r-devel-linux-x86_64-debian-clang, r-devel-linux-x86_64-debian-gcc