Last updated on 2025-02-20 01:50:30 CET.
Flavor | Version | Tinstall | Tcheck | Ttotal | Status | Flags |
---|---|---|---|---|---|---|
r-devel-linux-x86_64-debian-clang | 0.8.1 | 13.18 | 230.74 | 243.92 | NOTE | |
r-devel-linux-x86_64-debian-gcc | 0.8.1 | 7.81 | 153.06 | 160.87 | NOTE | |
r-devel-linux-x86_64-fedora-clang | 0.8.1 | 393.22 | NOTE | |||
r-devel-linux-x86_64-fedora-gcc | 0.8.1 | 377.08 | NOTE | |||
r-devel-macos-arm64 | 0.8.1 | 98.00 | OK | |||
r-devel-macos-x86_64 | 0.8.1 | 207.00 | NOTE | |||
r-devel-windows-x86_64 | 0.8.1 | 16.00 | 196.00 | 212.00 | NOTE | |
r-patched-linux-x86_64 | 0.8.1 | 13.73 | 213.22 | 226.95 | OK | |
r-release-linux-x86_64 | 0.8.1 | 10.18 | 216.95 | 227.13 | OK | |
r-release-macos-arm64 | 0.8.1 | 104.00 | OK | |||
r-release-macos-x86_64 | 0.8.1 | 174.00 | OK | |||
r-release-windows-x86_64 | 0.8.1 | 17.00 | 203.00 | 220.00 | OK | |
r-oldrel-macos-arm64 | 0.8.1 | 96.00 | OK | |||
r-oldrel-macos-x86_64 | 0.8.1 | 164.00 | OK | |||
r-oldrel-windows-x86_64 | 0.8.1 | 19.00 | 257.00 | 276.00 | OK |
Version: 0.8.1
Check: DESCRIPTION meta-information
Result: NOTE
Missing dependency on R >= 4.1.0 because package code uses the pipe
|> or function shorthand \(...) syntax added in R 4.1.0.
File(s) using such syntax:
‘officer.R’
Flavors: r-devel-linux-x86_64-debian-clang, r-devel-linux-x86_64-debian-gcc, r-devel-linux-x86_64-fedora-clang, r-devel-linux-x86_64-fedora-gcc, r-devel-macos-x86_64, r-devel-windows-x86_64