Last updated on 2024-07-27 01:53:09 CEST.
Flavor | Version | Tinstall | Tcheck | Ttotal | Status | Flags |
---|---|---|---|---|---|---|
r-devel-linux-x86_64-debian-clang | 1.3.1 | 11.07 | 129.70 | 140.77 | OK | |
r-devel-linux-x86_64-debian-gcc | 1.3.1 | 8.81 | 94.67 | 103.48 | NOTE | |
r-devel-linux-x86_64-fedora-clang | 1.3.1 | 176.83 | NOTE | |||
r-devel-linux-x86_64-fedora-gcc | 1.3.1 | 172.22 | OK | |||
r-devel-windows-x86_64 | 1.3.1 | 13.00 | 124.00 | 137.00 | NOTE | |
r-patched-linux-x86_64 | 1.3.1 | OK | ||||
r-release-linux-x86_64 | 1.3.1 | 7.52 | 119.52 | 127.04 | OK | |
r-release-macos-arm64 | 1.3.1 | 59.00 | NOTE | |||
r-release-macos-x86_64 | 1.3.1 | 102.00 | NOTE | |||
r-release-windows-x86_64 | 1.3.1 | 11.00 | 122.00 | 133.00 | NOTE | |
r-oldrel-macos-arm64 | 1.3.1 | 70.00 | NOTE | |||
r-oldrel-macos-x86_64 | 1.3.1 | 108.00 | NOTE | |||
r-oldrel-windows-x86_64 | 1.3.1 | 15.00 | 149.00 | 164.00 | NOTE |
Version: 1.3.1
Check: Rd cross-references
Result: NOTE
Found the following Rd file(s) with Rd \link{} targets missing package
anchors:
alma.Rd: TTR
assert.Rd: cli
dema.Rd: TTR
ema.Rd: TTR
evwma.Rd: TTR
fetch.Rd: xts
get_fgindex.Rd: xts
get_fundingrate.Rd: xts
get_lsratio.Rd: xts
get_openinterest.Rd: xts
get_quote.Rd: xts
hma.Rd: TTR
sma.Rd: TTR
vwap.Rd: TTR
wma.Rd: TTR
zlema.Rd: TTR
Please provide package anchors for all Rd \link{} targets not in the
package itself and the base packages.
Flavors: r-devel-linux-x86_64-debian-gcc, r-devel-windows-x86_64
Version: 1.3.1
Check: installed package size
Result: NOTE
installed size is 13.1Mb
sub-directories of 1Mb or more:
doc 11.9Mb
Flavors: r-devel-linux-x86_64-fedora-clang, r-devel-windows-x86_64, r-release-macos-arm64, r-release-macos-x86_64, r-release-windows-x86_64, r-oldrel-macos-arm64, r-oldrel-macos-x86_64, r-oldrel-windows-x86_64