Last updated on 2024-07-27 01:53:09 CEST.
Flavor | Version | Tinstall | Tcheck | Ttotal | Status | Flags |
---|---|---|---|---|---|---|
r-devel-linux-x86_64-debian-clang | 1.2.2 | 7.88 | 102.61 | 110.49 | OK | |
r-devel-linux-x86_64-debian-gcc | 1.2.2 | 5.57 | 74.64 | 80.21 | OK | |
r-devel-linux-x86_64-fedora-clang | 1.2.2 | 132.54 | NOTE | |||
r-devel-linux-x86_64-fedora-gcc | 1.2.2 | 137.46 | NOTE | |||
r-devel-windows-x86_64 | 1.2.2 | 8.00 | 93.00 | 101.00 | OK | |
r-patched-linux-x86_64 | 1.2.2 | OK | ||||
r-release-linux-x86_64 | 1.2.2 | 5.22 | 95.43 | 100.65 | OK | |
r-release-macos-arm64 | 1.2.2 | 46.00 | OK | |||
r-release-macos-x86_64 | 1.2.2 | 70.00 | OK | |||
r-release-windows-x86_64 | 1.2.2 | 7.00 | 91.00 | 98.00 | OK | |
r-oldrel-macos-arm64 | 1.2.2 | 51.00 | OK | |||
r-oldrel-macos-x86_64 | 1.2.2 | 87.00 | OK | |||
r-oldrel-windows-x86_64 | 1.2.2 | 9.00 | 105.00 | 114.00 | OK |
Version: 1.2.2
Check: data for non-ASCII characters
Result: NOTE
Note: found 2 marked UTF-8 strings
Flavors: r-devel-linux-x86_64-fedora-clang, r-devel-linux-x86_64-fedora-gcc