Last updated on 2024-07-27 01:53:09 CEST.
Flavor | Version | Tinstall | Tcheck | Ttotal | Status | Flags |
---|---|---|---|---|---|---|
r-devel-linux-x86_64-debian-clang | 2.1 | 14.72 | 106.72 | 121.44 | OK | |
r-devel-linux-x86_64-debian-gcc | 2.1 | 9.61 | 78.17 | 87.78 | NOTE | |
r-devel-linux-x86_64-fedora-clang | 2.1 | 142.83 | OK | |||
r-devel-linux-x86_64-fedora-gcc | 2.1 | 135.03 | OK | |||
r-devel-windows-x86_64 | 2.1 | 11.00 | 95.00 | 106.00 | NOTE | |
r-patched-linux-x86_64 | 2.1 | OK | ||||
r-release-linux-x86_64 | 2.1 | 7.63 | 100.87 | 108.50 | OK | |
r-release-macos-arm64 | 2.1 | 40.00 | OK | |||
r-release-macos-x86_64 | 2.1 | 62.00 | OK | |||
r-release-windows-x86_64 | 2.1 | 12.00 | 94.00 | 106.00 | OK | |
r-oldrel-macos-arm64 | 2.1 | 51.00 | OK | |||
r-oldrel-macos-x86_64 | 2.1 | 112.00 | OK | |||
r-oldrel-windows-x86_64 | 2.1 | 16.00 | 109.00 | 125.00 | OK |
Version: 2.1
Check: Rd cross-references
Result: NOTE
Found the following Rd file(s) with Rd \link{} targets missing package
anchors:
ctqr-package.Rd: pchreg
ctqr.Rd: Surv, pchreg
Please provide package anchors for all Rd \link{} targets not in the
package itself and the base packages.
Flavors: r-devel-linux-x86_64-debian-gcc, r-devel-windows-x86_64