CRAN Package Check Results for Package custom.gauss.quad

Last updated on 2025-11-13 02:52:16 CET.

Flavor Version Tinstall Tcheck Ttotal Status Flags
r-devel-linux-x86_64-debian-clang 1.0.0 4.37 38.36 42.73 NOTE
r-devel-linux-x86_64-debian-gcc 1.0.0 2.92 27.52 30.44 NOTE
r-devel-linux-x86_64-fedora-clang 1.0.0 16.00 52.94 68.94 OK
r-devel-linux-x86_64-fedora-gcc 1.0.0 58.17 OK
r-devel-windows-x86_64 1.0.0 5.00 48.00 53.00 OK
r-patched-linux-x86_64 1.0.0 4.17 35.87 40.04 OK
r-release-linux-x86_64 1.0.0 3.57 36.26 39.83 OK
r-release-macos-arm64 1.0.0 2.00 20.00 22.00 OK
r-release-macos-x86_64 1.0.0 4.00 31.00 35.00 OK
r-release-windows-x86_64 1.0.0 5.00 129.00 134.00 OK
r-oldrel-macos-arm64 1.0.0 2.00 19.00 21.00 OK
r-oldrel-macos-x86_64 1.0.0 3.00 27.00 30.00 OK
r-oldrel-windows-x86_64 1.0.0 6.00 56.00 62.00 OK

Check Details

Version: 1.0.0
Check: CRAN incoming feasibility
Result: NOTE Maintainer: ‘Paul Kabaila <p.kabaila@latrobe.edu.au>’ The Description field contains Kabaila (2022) <arXiv:2211.04729>. Please refer to arXiv e-prints via their arXiv DOI <doi:10.48550/arXiv.YYMM.NNNNN>. Flavors: r-devel-linux-x86_64-debian-clang, r-devel-linux-x86_64-debian-gcc