Last updated on 2025-11-15 03:50:06 CET.
| Flavor | Version | Tinstall | Tcheck | Ttotal | Status | Flags |
|---|---|---|---|---|---|---|
| r-devel-linux-x86_64-debian-clang | 1.3 | 2.49 | 28.46 | 30.95 | OK | |
| r-devel-linux-x86_64-debian-gcc | 1.3 | 1.75 | 20.97 | 22.72 | OK | |
| r-devel-linux-x86_64-fedora-clang | 1.3 | 44.63 | OK | |||
| r-devel-linux-x86_64-fedora-gcc | 1.3 | 43.52 | OK | |||
| r-devel-windows-x86_64 | 1.3 | 7.00 | 45.00 | 52.00 | OK | |
| r-patched-linux-x86_64 | 1.3 | 2.60 | 26.72 | 29.32 | OK | |
| r-release-linux-x86_64 | 1.3 | 2.28 | 26.93 | 29.21 | OK | |
| r-release-macos-arm64 | 1.3 | 1.00 | 19.00 | 20.00 | OK | |
| r-release-macos-x86_64 | 1.3 | 2.00 | 29.00 | 31.00 | OK | |
| r-release-windows-x86_64 | 1.3 | 4.00 | 46.00 | 50.00 | OK | |
| r-oldrel-macos-arm64 | 1.3 | 1.00 | 16.00 | 17.00 | NOTE | |
| r-oldrel-macos-x86_64 | 1.3 | 2.00 | 23.00 | 25.00 | NOTE | |
| r-oldrel-windows-x86_64 | 1.3 | 5.00 | 54.00 | 59.00 | NOTE |
Version: 1.3
Check: LazyData
Result: NOTE
'LazyData' is specified without a 'data' directory
Flavors: r-oldrel-macos-arm64, r-oldrel-macos-x86_64, r-oldrel-windows-x86_64