Last updated on 2024-07-27 01:53:09 CEST.
Flavor | Version | Tinstall | Tcheck | Ttotal | Status | Flags |
---|---|---|---|---|---|---|
r-devel-linux-x86_64-debian-clang | 1.1.3 | 16.58 | 199.18 | 215.76 | OK | |
r-devel-linux-x86_64-debian-gcc | 1.1.3 | 10.59 | 140.51 | 151.10 | OK | |
r-devel-linux-x86_64-fedora-clang | 1.1.3 | 270.25 | OK | |||
r-devel-linux-x86_64-fedora-gcc | 1.1.3 | 278.63 | OK | |||
r-devel-windows-x86_64 | 1.1.0 | 23.00 | 164.00 | 187.00 | OK | |
r-patched-linux-x86_64 | 1.1.0 | ERROR | ||||
r-release-linux-x86_64 | 1.1.0 | 9.14 | 183.46 | 192.60 | ERROR | |
r-release-macos-arm64 | 1.1.3 | 67.00 | OK | |||
r-release-macos-x86_64 | 1.1.3 | 223.00 | OK | |||
r-release-windows-x86_64 | 1.1.3 | 20.00 | 159.00 | 179.00 | OK | |
r-oldrel-macos-arm64 | 1.1.3 | 77.00 | OK | |||
r-oldrel-macos-x86_64 | 1.1.3 | 214.00 | OK | |||
r-oldrel-windows-x86_64 | 1.1.3 | 21.00 | 176.00 | 197.00 | OK |
Version: 1.1.0
Check: package dependencies
Result: NOTE
Package suggested but not available for checking: ‘morse’
Flavors: r-patched-linux-x86_64, r-release-linux-x86_64
Version: 1.1.0
Check: tests
Result: ERROR
Running ‘testthat.R’ [25s/30s]
Running the tests in ‘tests/testthat.R’ failed.
Complete output:
> library(testthat)
> library(cvasi)
Attaching package: 'cvasi'
The following object is masked from 'package:stats':
simulate
The following object is masked from 'package:base':
sequence
>
> test_check("cvasi")
Attaching package: 'purrr'
The following object is masked from 'package:testthat':
is_null
[ FAIL 4 | WARN 0 | SKIP 4 | PASS 708 ]
══ Skipped tests (4) ═══════════════════════════════════════════════════════════
• On CRAN (2): 'test-GUTS_ring_test.R:24:3', 'test-GUTS_ring_test.R:82:3'
• morse GUTS-RED-SD parameter file unavailable (2):
'test-GUTS_ring_test.R:163:3', 'test-GUTS_ring_test.R:196:3'
══ Failed tests ════════════════════════════════════════════════════════════════
── Error ('test-survival.R:42:3'): GUTS-RED constant exposure ──────────────────
<packageNotFoundError/error/condition>
Error in `loadNamespace(x)`: there is no package called 'morse'
Backtrace:
▆
1. └─base::loadNamespace(x) at test-survival.R:42:3
2. └─base::withRestarts(stop(cond), retry_loadNamespace = function() NULL)
3. └─base (local) withOneRestart(expr, restarts[[1L]])
4. └─base (local) doWithOneRestart(return(expr), restart)
── Error ('test-survival.R:98:3'): GUTS-RED time-variable exposure ─────────────
<packageNotFoundError/error/condition>
Error in `loadNamespace(x)`: there is no package called 'morse'
Backtrace:
▆
1. └─base::loadNamespace(x) at test-survival.R:98:3
2. └─base::withRestarts(stop(cond), retry_loadNamespace = function() NULL)
3. └─base (local) withOneRestart(expr, restarts[[1L]])
4. └─base (local) doWithOneRestart(return(expr), restart)
── Error ('test-survival.R:155:3'): GUTS-RED extreme cases ─────────────────────
<packageNotFoundError/error/condition>
Error in `loadNamespace(x)`: there is no package called 'morse'
Backtrace:
▆
1. └─base::loadNamespace(x) at test-survival.R:155:3
2. └─base::withRestarts(stop(cond), retry_loadNamespace = function() NULL)
3. └─base (local) withOneRestart(expr, restarts[[1L]])
4. └─base (local) doWithOneRestart(return(expr), restart)
── Error ('test-survival.R:293:5'): GUTS-RED sensitivity analysis ──────────────
<packageNotFoundError/error/condition>
Error in `loadNamespace(x)`: there is no package called 'morse'
Backtrace:
▆
1. ├─... %>% tail(1) at test-survival.R:293:5
2. ├─utils::tail(., 1)
3. └─base::loadNamespace(x)
4. └─base::withRestarts(stop(cond), retry_loadNamespace = function() NULL)
5. └─base (local) withOneRestart(expr, restarts[[1L]])
6. └─base (local) doWithOneRestart(return(expr), restart)
[ FAIL 4 | WARN 0 | SKIP 4 | PASS 708 ]
Error: Test failures
Execution halted
Flavor: r-patched-linux-x86_64
Version: 1.1.0
Check: tests
Result: ERROR
Running ‘testthat.R’ [25s/28s]
Running the tests in ‘tests/testthat.R’ failed.
Complete output:
> library(testthat)
> library(cvasi)
Attaching package: 'cvasi'
The following object is masked from 'package:stats':
simulate
The following object is masked from 'package:base':
sequence
>
> test_check("cvasi")
Attaching package: 'purrr'
The following object is masked from 'package:testthat':
is_null
[ FAIL 4 | WARN 0 | SKIP 4 | PASS 708 ]
══ Skipped tests (4) ═══════════════════════════════════════════════════════════
• On CRAN (2): 'test-GUTS_ring_test.R:24:3', 'test-GUTS_ring_test.R:82:3'
• morse GUTS-RED-SD parameter file unavailable (2):
'test-GUTS_ring_test.R:163:3', 'test-GUTS_ring_test.R:196:3'
══ Failed tests ════════════════════════════════════════════════════════════════
── Error ('test-survival.R:42:3'): GUTS-RED constant exposure ──────────────────
<packageNotFoundError/error/condition>
Error in `loadNamespace(x)`: there is no package called 'morse'
Backtrace:
▆
1. └─base::loadNamespace(x) at test-survival.R:42:3
2. └─base::withRestarts(stop(cond), retry_loadNamespace = function() NULL)
3. └─base (local) withOneRestart(expr, restarts[[1L]])
4. └─base (local) doWithOneRestart(return(expr), restart)
── Error ('test-survival.R:98:3'): GUTS-RED time-variable exposure ─────────────
<packageNotFoundError/error/condition>
Error in `loadNamespace(x)`: there is no package called 'morse'
Backtrace:
▆
1. └─base::loadNamespace(x) at test-survival.R:98:3
2. └─base::withRestarts(stop(cond), retry_loadNamespace = function() NULL)
3. └─base (local) withOneRestart(expr, restarts[[1L]])
4. └─base (local) doWithOneRestart(return(expr), restart)
── Error ('test-survival.R:155:3'): GUTS-RED extreme cases ─────────────────────
<packageNotFoundError/error/condition>
Error in `loadNamespace(x)`: there is no package called 'morse'
Backtrace:
▆
1. └─base::loadNamespace(x) at test-survival.R:155:3
2. └─base::withRestarts(stop(cond), retry_loadNamespace = function() NULL)
3. └─base (local) withOneRestart(expr, restarts[[1L]])
4. └─base (local) doWithOneRestart(return(expr), restart)
── Error ('test-survival.R:293:5'): GUTS-RED sensitivity analysis ──────────────
<packageNotFoundError/error/condition>
Error in `loadNamespace(x)`: there is no package called 'morse'
Backtrace:
▆
1. ├─... %>% tail(1) at test-survival.R:293:5
2. ├─utils::tail(., 1)
3. └─base::loadNamespace(x)
4. └─base::withRestarts(stop(cond), retry_loadNamespace = function() NULL)
5. └─base (local) withOneRestart(expr, restarts[[1L]])
6. └─base (local) doWithOneRestart(return(expr), restart)
[ FAIL 4 | WARN 0 | SKIP 4 | PASS 708 ]
Error: Test failures
Execution halted
Flavor: r-release-linux-x86_64